Last updated on 2025-02-11 19:49:00 CET.
Flavor | Version | Tinstall | Tcheck | Ttotal | Status | Flags |
---|---|---|---|---|---|---|
r-devel-linux-x86_64-debian-clang | 0.6-10 | 9.09 | 85.15 | 94.24 | NOTE | |
r-devel-linux-x86_64-debian-gcc | 0.6-10 | 6.42 | 63.95 | 70.37 | NOTE | |
r-devel-linux-x86_64-fedora-clang | 0.6-10 | 158.96 | OK | |||
r-devel-linux-x86_64-fedora-gcc | 0.6-10 | 156.94 | OK | |||
r-devel-windows-x86_64 | 0.6-10 | 11.00 | 128.00 | 139.00 | NOTE | |
r-patched-linux-x86_64 | 0.6-10 | 16.14 | 81.07 | 97.21 | OK | |
r-release-linux-x86_64 | 0.6-10 | 7.91 | 80.34 | 88.25 | OK | |
r-release-macos-arm64 | 0.6-10 | 53.00 | OK | |||
r-release-macos-x86_64 | 0.6-10 | 87.00 | OK | |||
r-release-windows-x86_64 | 0.6-10 | 11.00 | 128.00 | 139.00 | OK | |
r-oldrel-macos-arm64 | 0.6-10 | 55.00 | OK | |||
r-oldrel-macos-x86_64 | 0.6-10 | 133.00 | OK | |||
r-oldrel-windows-x86_64 | 0.6-10 | 13.00 | 146.00 | 159.00 | OK |
Version: 0.6-10
Check: Rd cross-references
Result: NOTE
Found the following Rd file(s) with Rd \link{} targets missing package
anchors:
neLht-methods.Rd: coef.glht
neLht.Rd: coef.glht
Please provide package anchors for all Rd \link{} targets not in the
package itself and the base packages.
Flavors: r-devel-linux-x86_64-debian-clang, r-devel-linux-x86_64-debian-gcc, r-devel-windows-x86_64