CRAN Package Check Results for Package microcontax

Last updated on 2025-02-07 08:51:28 CET.

Flavor Version Tinstall Tcheck Ttotal Status Flags
r-devel-linux-x86_64-debian-clang 1.2 5.61 54.36 59.97 NOTE
r-devel-linux-x86_64-debian-gcc 1.2 3.78 42.94 46.72 NOTE
r-devel-linux-x86_64-fedora-clang 1.2 98.09 OK
r-devel-linux-x86_64-fedora-gcc 1.2 104.43 OK
r-devel-windows-x86_64 1.2 7.00 81.00 88.00 NOTE
r-patched-linux-x86_64 1.2 10.00 51.75 61.75 NOTE
r-release-linux-x86_64 1.2 4.20 50.82 55.02 NOTE
r-release-macos-arm64 1.2 41.00 NOTE
r-release-macos-x86_64 1.2 74.00 NOTE
r-release-windows-x86_64 1.2 6.00 81.00 87.00 NOTE
r-oldrel-macos-arm64 1.2 43.00 NOTE
r-oldrel-macos-x86_64 1.2 62.00 NOTE
r-oldrel-windows-x86_64 1.2 7.00 90.00 97.00 NOTE

Check Details

Version: 1.2
Check: Rd cross-references
Result: NOTE Found the following Rd file(s) with Rd \link{} targets missing package anchors: getDomain.Rd: readFasta Please provide package anchors for all Rd \link{} targets not in the package itself and the base packages. Package unavailable to check Rd xrefs: ‘microcontax.data’ Flavors: r-devel-linux-x86_64-debian-clang, r-devel-linux-x86_64-debian-gcc, r-devel-windows-x86_64

Version: 1.2
Check: package dependencies
Result: NOTE Package suggested but not available for checking: ‘microcontax.data’ Flavors: r-patched-linux-x86_64, r-release-linux-x86_64, r-release-macos-arm64, r-release-macos-x86_64, r-release-windows-x86_64, r-oldrel-macos-arm64, r-oldrel-macos-x86_64, r-oldrel-windows-x86_64

Version: 1.2
Check: Rd cross-references
Result: NOTE Package unavailable to check Rd xrefs: ‘microcontax.data’ Flavors: r-patched-linux-x86_64, r-release-linux-x86_64, r-release-macos-arm64, r-release-macos-x86_64, r-release-windows-x86_64, r-oldrel-macos-arm64, r-oldrel-macos-x86_64, r-oldrel-windows-x86_64