CRAN Package Check Results for Package misPRIME

Last updated on 2025-05-13 19:52:38 CEST.

Flavor Version Tinstall Tcheck Ttotal Status Flags
r-devel-linux-x86_64-debian-clang 0.1.0 1.98 24.26 26.24 NOTE
r-devel-linux-x86_64-debian-gcc 0.1.0 1.62 18.71 20.33 NOTE
r-devel-linux-x86_64-fedora-clang 0.1.0 41.25 OK
r-devel-linux-x86_64-fedora-gcc 0.1.0 40.38 OK
r-devel-windows-x86_64 0.1.0 3.00 49.00 52.00 OK
r-patched-linux-x86_64 0.1.0 1.70 23.44 25.14 OK
r-release-linux-x86_64 0.1.0 1.78 23.42 25.20 OK
r-release-macos-arm64 0.1.0 22.00 OK
r-release-macos-x86_64 0.1.0 39.00 OK
r-release-windows-x86_64 0.1.0 3.00 57.00 60.00 OK
r-oldrel-macos-arm64 0.1.0 18.00 OK
r-oldrel-macos-x86_64 0.1.0 24.00 OK
r-oldrel-windows-x86_64 0.1.0 3.00 52.00 55.00 OK

Check Details

Version: 0.1.0
Check: CRAN incoming feasibility
Result: NOTE Maintainer: ‘Zishu Zhan <zishu927@hotmail.com>’ The Description field contains Xiangjie Li and Jingxiao Zhang. (2022) <arXiv:2205.14994>. Please refer to arXiv e-prints via their arXiv DOI <doi:10.48550/arXiv.YYMM.NNNNN>. Flavors: r-devel-linux-x86_64-debian-clang, r-devel-linux-x86_64-debian-gcc