Last updated on 2025-05-13 19:52:38 CEST.
Flavor | Version | Tinstall | Tcheck | Ttotal | Status | Flags |
---|---|---|---|---|---|---|
r-devel-linux-x86_64-debian-clang | 2.1.7 | 7.22 | 73.29 | 80.51 | NOTE | |
r-devel-linux-x86_64-debian-gcc | 2.1.7 | 3.86 | 49.93 | 53.79 | NOTE | |
r-devel-linux-x86_64-fedora-clang | 2.1.7 | 124.38 | OK | |||
r-devel-linux-x86_64-fedora-gcc | 2.1.7 | 115.70 | OK | |||
r-devel-windows-x86_64 | 2.1.7 | 8.00 | 83.00 | 91.00 | NOTE | |
r-patched-linux-x86_64 | 2.1.7 | 6.98 | 67.77 | 74.75 | NOTE | |
r-release-linux-x86_64 | 2.1.7 | 6.75 | 67.38 | 74.13 | NOTE | |
r-release-macos-arm64 | 2.1.7 | 35.00 | OK | |||
r-release-macos-x86_64 | 2.1.7 | 71.00 | OK | |||
r-release-windows-x86_64 | 2.1.7 | 8.00 | 82.00 | 90.00 | NOTE | |
r-oldrel-macos-arm64 | 2.1.7 | 35.00 | OK | |||
r-oldrel-macos-x86_64 | 2.1.7 | 85.00 | OK | |||
r-oldrel-windows-x86_64 | 2.1.7 | 11.00 | 104.00 | 115.00 | OK |
Version: 2.1.7
Check: Rd cross-references
Result: NOTE
Found the following Rd file(s) with Rd \link{} targets missing package
anchors:
nlmeModel.Rd: nlme
Please provide package anchors for all Rd \link{} targets not in the
package itself and the base packages.
Flavors: r-devel-linux-x86_64-debian-clang, r-devel-linux-x86_64-debian-gcc, r-devel-windows-x86_64, r-patched-linux-x86_64, r-release-linux-x86_64, r-release-windows-x86_64