Last updated on 2025-02-07 08:51:29 CET.
Flavor | Version | Tinstall | Tcheck | Ttotal | Status | Flags |
---|---|---|---|---|---|---|
r-devel-linux-x86_64-debian-clang | 0.1.6 | 2.82 | 32.61 | 35.43 | NOTE | |
r-devel-linux-x86_64-debian-gcc | 0.1.6 | 2.22 | 25.54 | 27.76 | NOTE | |
r-devel-linux-x86_64-fedora-clang | 0.1.6 | 57.16 | OK | |||
r-devel-linux-x86_64-fedora-gcc | 0.1.6 | 55.69 | OK | |||
r-devel-windows-x86_64 | 0.1.6 | 5.00 | 64.00 | 69.00 | NOTE | |
r-patched-linux-x86_64 | 0.1.6 | 7.57 | 31.03 | 38.60 | OK | |
r-release-linux-x86_64 | 0.1.6 | 2.45 | 30.81 | 33.26 | OK | |
r-release-macos-arm64 | 0.1.6 | 23.00 | OK | |||
r-release-macos-x86_64 | 0.1.6 | 32.00 | OK | |||
r-release-windows-x86_64 | 0.1.6 | 5.00 | 59.00 | 64.00 | OK | |
r-oldrel-macos-arm64 | 0.1.6 | 30.00 | OK | |||
r-oldrel-macos-x86_64 | 0.1.6 | 43.00 | OK | |||
r-oldrel-windows-x86_64 | 0.1.6 | 5.00 | 69.00 | 74.00 | OK |
Version: 0.1.6
Check: Rd cross-references
Result: NOTE
Found the following Rd file(s) with Rd \link{} targets missing package
anchors:
check_arguments.Rd: testthat
check_glance_outputs.Rd: glance
check_single_augment_output.Rd: augment
check_tibble.Rd: tidy, augment, glance
Please provide package anchors for all Rd \link{} targets not in the
package itself and the base packages.
Flavors: r-devel-linux-x86_64-debian-clang, r-devel-linux-x86_64-debian-gcc, r-devel-windows-x86_64