CRAN Package Check Results for Package monmlp

Last updated on 2024-12-18 19:49:18 CET.

Flavor Version Tinstall Tcheck Ttotal Status Flags
r-devel-linux-x86_64-debian-clang 1.1.5 2.22 30.86 33.08 NOTE
r-devel-linux-x86_64-debian-gcc 1.1.5 1.72 27.71 29.43 NOTE
r-devel-linux-x86_64-fedora-clang 1.1.5 54.32 OK
r-devel-linux-x86_64-fedora-gcc 1.1.5 52.01 OK
r-devel-windows-x86_64 1.1.5 4.00 55.00 59.00 NOTE
r-patched-linux-x86_64 1.1.5 3.23 29.71 32.94 OK
r-release-linux-x86_64 1.1.5 2.11 29.91 32.02 OK
r-release-macos-arm64 1.1.5 23.00 OK
r-release-macos-x86_64 1.1.5 32.00 OK
r-release-windows-x86_64 1.1.5 5.00 63.00 68.00 OK
r-oldrel-macos-arm64 1.1.5 21.00 OK
r-oldrel-macos-x86_64 1.1.5 29.00 OK
r-oldrel-windows-x86_64 1.1.5 3.00 59.00 62.00 OK

Check Details

Version: 1.1.5
Check: Rd cross-references
Result: NOTE Found the following Rd file(s) with Rd \link{} targets missing package anchors: monmlp.fit.Rd: optimx Please provide package anchors for all Rd \link{} targets not in the package itself and the base packages. Flavors: r-devel-linux-x86_64-debian-clang, r-devel-linux-x86_64-debian-gcc, r-devel-windows-x86_64