Last updated on 2025-02-21 19:50:34 CET.
Flavor | Version | Tinstall | Tcheck | Ttotal | Status | Flags |
---|---|---|---|---|---|---|
r-devel-linux-x86_64-debian-clang | 1.0.0 | 29.49 | 306.37 | 335.86 | OK | |
r-devel-linux-x86_64-debian-gcc | 1.0.0 | 16.35 | 192.60 | 208.95 | OK | |
r-devel-linux-x86_64-fedora-clang | 1.0.0 | 551.25 | OK | |||
r-devel-linux-x86_64-fedora-gcc | 1.0.0 | 542.15 | OK | |||
r-devel-macos-x86_64 | 1.0.0 | 282.00 | OK | |||
r-devel-windows-x86_64 | 1.0.0 | 24.00 | 248.00 | 272.00 | OK | |
r-patched-linux-x86_64 | 1.0.0 | 28.34 | 283.02 | 311.36 | OK | |
r-release-linux-x86_64 | 1.0.0 | 22.68 | 280.04 | 302.72 | OK | |
r-release-macos-x86_64 | 1.0.0 | 284.00 | OK | |||
r-release-windows-x86_64 | 1.0.0 | 24.00 | 253.00 | 277.00 | OK | |
r-oldrel-macos-x86_64 | 1.0.0 | 249.00 | OK | |||
r-oldrel-windows-x86_64 | 1.0.0 | 35.00 | 330.00 | 365.00 | ERROR |
Version: 1.0.0
Check: re-building of vignette outputs
Result: ERROR
Error(s) in re-building vignettes:
--- re-building 'Introduction.Rmd' using rmarkdown
File ./man/figures/plot_peje.png not found in resource path
Error: processing vignette 'Introduction.Rmd' failed with diagnostics:
pandoc document conversion failed with error 99
--- failed re-building 'Introduction.Rmd'
SUMMARY: processing the following file failed:
'Introduction.Rmd'
Error: Vignette re-building failed.
Execution halted
Flavor: r-oldrel-windows-x86_64