Last updated on 2025-05-19 19:50:47 CEST.
Flavor | Version | Tinstall | Tcheck | Ttotal | Status | Flags |
---|---|---|---|---|---|---|
r-devel-linux-x86_64-debian-clang | 0.12.2 | 2.30 | 20.26 | 22.56 | NOTE | |
r-devel-linux-x86_64-debian-gcc | 0.12.2 | 1.70 | 16.49 | 18.19 | NOTE | |
r-devel-linux-x86_64-fedora-clang | 0.12.2 | 35.40 | OK | |||
r-devel-linux-x86_64-fedora-gcc | 0.12.2 | 34.91 | OK | |||
r-devel-windows-x86_64 | 0.12.2 | 2.00 | 43.00 | 45.00 | OK | |
r-patched-linux-x86_64 | 0.12.2 | 2.04 | 19.42 | 21.46 | OK | |
r-release-linux-x86_64 | 0.12.2 | 2.07 | 19.47 | 21.54 | OK | |
r-release-macos-arm64 | 0.12.2 | 18.00 | OK | |||
r-release-macos-x86_64 | 0.12.2 | 24.00 | OK | |||
r-release-windows-x86_64 | 0.12.2 | 3.00 | 41.00 | 44.00 | OK | |
r-oldrel-macos-arm64 | 0.12.2 | 15.00 | OK | |||
r-oldrel-macos-x86_64 | 0.12.2 | 25.00 | OK | |||
r-oldrel-windows-x86_64 | 0.12.2 | 3.00 | 38.00 | 41.00 | OK |
Version: 0.12.2
Check: CRAN incoming feasibility
Result: NOTE
Maintainer: ‘Fabian Krueger <Fabian.Krueger83@gmail.com>’
No Authors@R field in DESCRIPTION.
Please add one, modifying
Authors@R: c(person(given = "Alexander",
family = "Jordan",
role = "aut"),
person(given = "Fabian",
family = "Krueger",
role = c("aut", "cre"),
email = "fabian.krueger83@gmail.com"))
as necessary.
Flavors: r-devel-linux-x86_64-debian-clang, r-devel-linux-x86_64-debian-gcc