Last updated on 2024-12-18 19:49:18 CET.
Flavor | Version | Tinstall | Tcheck | Ttotal | Status | Flags |
---|---|---|---|---|---|---|
r-devel-linux-x86_64-debian-clang | 2.0.3 | 187.56 | 82.67 | 270.23 | OK | |
r-devel-linux-x86_64-debian-gcc | 2.0.3 | 128.42 | 63.09 | 191.51 | OK | |
r-devel-linux-x86_64-fedora-clang | 2.0.3 | 537.44 | OK | |||
r-devel-linux-x86_64-fedora-gcc | 2.0.3 | 559.06 | OK | |||
r-devel-windows-x86_64 | 2.0.3 | 202.00 | 126.00 | 328.00 | OK | |
r-patched-linux-x86_64 | 2.0.3 | 180.81 | 79.09 | 259.90 | OK | |
r-release-linux-x86_64 | 2.0.3 | 176.63 | 79.24 | 255.87 | OK | |
r-release-macos-arm64 | 2.0.3 | 137.00 | NOTE | |||
r-release-macos-x86_64 | 2.0.3 | 128.00 | NOTE | |||
r-release-windows-x86_64 | 2.0.3 | 201.00 | 131.00 | 332.00 | OK | |
r-oldrel-macos-arm64 | 2.0.3 | 124.00 | NOTE | |||
r-oldrel-macos-x86_64 | 2.0.3 | 181.00 | NOTE | |||
r-oldrel-windows-x86_64 | 2.0.3 | 230.00 | 147.00 | 377.00 | OK |
Version: 2.0.3
Check: installed package size
Result: NOTE
installed size is 13.2Mb
sub-directories of 1Mb or more:
libs 11.9Mb
Flavors: r-release-macos-arm64, r-release-macos-x86_64, r-oldrel-macos-arm64, r-oldrel-macos-x86_64