Last updated on 2025-02-24 19:50:41 CET.
Flavor | Version | Tinstall | Tcheck | Ttotal | Status | Flags |
---|---|---|---|---|---|---|
r-devel-linux-x86_64-debian-clang | 0.3.11 | 52.36 | 66.71 | 119.07 | NOTE | |
r-devel-linux-x86_64-debian-gcc | 0.3.11 | 39.29 | 47.75 | 87.04 | NOTE | |
r-devel-linux-x86_64-fedora-clang | 0.3.11 | 226.68 | WARN | |||
r-devel-linux-x86_64-fedora-gcc | 0.3.11 | 217.62 | OK | |||
r-devel-macos-arm64 | 0.3.11 | 58.00 | OK | |||
r-devel-macos-x86_64 | 0.3.11 | 110.00 | OK | |||
r-devel-windows-x86_64 | 0.3.11 | 53.00 | 110.00 | 163.00 | OK | |
r-patched-linux-x86_64 | 0.3.11 | 57.23 | 60.51 | 117.74 | OK | |
r-release-linux-x86_64 | 0.3.11 | 51.67 | 61.38 | 113.05 | OK | |
r-release-macos-arm64 | 0.3.11 | 63.00 | NOTE | |||
r-release-macos-x86_64 | 0.3.11 | 112.00 | OK | |||
r-release-windows-x86_64 | 0.3.11 | 55.00 | 111.00 | 166.00 | OK | |
r-oldrel-macos-arm64 | 0.3.11 | 49.00 | NOTE | |||
r-oldrel-macos-x86_64 | 0.3.11 | 118.00 | OK | |||
r-oldrel-windows-x86_64 | 0.3.11 | 66.00 | 126.00 | 192.00 | OK |
Version: 0.3.11
Check: for unstated dependencies in ‘demo’
Result: NOTE
'library' or 'require' call not declared from: ‘ggplot2’
Flavors: r-devel-linux-x86_64-debian-clang, r-devel-linux-x86_64-debian-gcc
Version: 0.3.11
Check: whether package can be installed
Result: WARN
Found the following significant warnings:
/data/gannet/ripley/R/test-clang/RcppDate/include/date.h:966:34: warning: identifier '_d' preceded by whitespace in a literal operator declaration is deprecated [-Wdeprecated-literal-operator]
/data/gannet/ripley/R/test-clang/RcppDate/include/date.h:967:34: warning: identifier '_y' preceded by whitespace in a literal operator declaration is deprecated [-Wdeprecated-literal-operator]
/data/gannet/ripley/R/test-clang/RcppDate/include/date.h:1975:13: warning: identifier '_d' preceded by whitespace in a literal operator declaration is deprecated [-Wdeprecated-literal-operator]
/data/gannet/ripley/R/test-clang/RcppDate/include/date.h:1983:13: warning: identifier '_y' preceded by whitespace in a literal operator declaration is deprecated [-Wdeprecated-literal-operator]
See ‘/data/gannet/ripley/R/packages/tests-clang/nanotime.Rcheck/00install.out’ for details.
* used C++ compiler: ‘clang version 20.1.0-rc2’
Flavor: r-devel-linux-x86_64-fedora-clang
Version: 0.3.11
Check: installed package size
Result: NOTE
installed size is 5.2Mb
sub-directories of 1Mb or more:
libs 4.2Mb
Flavors: r-release-macos-arm64, r-oldrel-macos-arm64