CRAN Package Check Results for Package nhdplusTools

Last updated on 2024-12-18 19:49:18 CET.

Flavor Version Tinstall Tcheck Ttotal Status Flags
r-devel-linux-x86_64-debian-clang 1.2.1 14.19 192.58 206.77 OK
r-devel-linux-x86_64-debian-gcc 1.3.0 10.82 134.29 145.11 OK
r-devel-linux-x86_64-fedora-clang 1.3.0 337.14 OK
r-devel-linux-x86_64-fedora-gcc 1.3.0 324.77 OK
r-devel-windows-x86_64 1.2.1 19.00 189.00 208.00 OK
r-patched-linux-x86_64 1.2.1 13.77 182.57 196.34 OK
r-release-linux-x86_64 1.2.1 13.19 181.54 194.73 OK
r-release-macos-arm64 1.2.1 104.00 NOTE
r-release-macos-x86_64 1.3.0 171.00 NOTE
r-release-windows-x86_64 1.2.1 16.00 187.00 203.00 NOTE
r-oldrel-macos-arm64 1.2.1 95.00 NOTE
r-oldrel-macos-x86_64 1.3.0 187.00 NOTE
r-oldrel-windows-x86_64 1.2.1 21.00 219.00 240.00 NOTE

Check Details

Version: 1.2.1
Check: installed package size
Result: NOTE installed size is 6.5Mb sub-directories of 1Mb or more: data 1.6Mb doc 4.2Mb Flavors: r-release-macos-arm64, r-release-windows-x86_64, r-oldrel-macos-arm64, r-oldrel-windows-x86_64

Version: 1.3.0
Check: installed package size
Result: NOTE installed size is 6.6Mb sub-directories of 1Mb or more: data 1.6Mb doc 4.2Mb Flavors: r-release-macos-x86_64, r-oldrel-macos-x86_64