Last updated on 2025-05-13 19:52:40 CEST.
Flavor | Version | Tinstall | Tcheck | Ttotal | Status | Flags |
---|---|---|---|---|---|---|
r-devel-linux-x86_64-debian-clang | 0.1-5 | 10.00 | 82.32 | 92.32 | NOTE | |
r-devel-linux-x86_64-debian-gcc | 0.1-5 | 6.61 | 60.56 | 67.17 | NOTE | |
r-devel-linux-x86_64-fedora-clang | 0.1-5 | 143.57 | OK | |||
r-devel-linux-x86_64-fedora-gcc | 0.1-5 | 141.68 | OK | |||
r-devel-windows-x86_64 | 0.1-5 | 10.00 | 89.00 | 99.00 | NOTE | |
r-patched-linux-x86_64 | 0.1-5 | 8.53 | 78.33 | 86.86 | NOTE | |
r-release-linux-x86_64 | 0.1-5 | 9.54 | 78.39 | 87.93 | NOTE | |
r-release-macos-arm64 | 0.1-5 | 39.00 | OK | |||
r-release-macos-x86_64 | 0.1-5 | 94.00 | OK | |||
r-release-windows-x86_64 | 0.1-5 | 10.00 | 92.00 | 102.00 | NOTE | |
r-oldrel-macos-arm64 | 0.1-5 | 39.00 | OK | |||
r-oldrel-macos-x86_64 | 0.1-5 | 56.00 | OK | |||
r-oldrel-windows-x86_64 | 0.1-5 | 13.00 | 112.00 | 125.00 | OK |
Version: 0.1-5
Check: Rd cross-references
Result: NOTE
Found the following Rd file(s) with Rd \link{} targets missing package
anchors:
mlmer.Rd: lmer
ranef.ranks.Rd: lmer
var.components.Rd: lmer
Please provide package anchors for all Rd \link{} targets not in the
package itself and the base packages.
Flavors: r-devel-linux-x86_64-debian-clang, r-devel-linux-x86_64-debian-gcc, r-devel-windows-x86_64, r-patched-linux-x86_64, r-release-linux-x86_64, r-release-windows-x86_64