CRAN Package Check Results for Package onehot

Last updated on 2025-02-24 19:50:42 CET.

Flavor Version Tinstall Tcheck Ttotal Status Flags
r-devel-linux-x86_64-debian-clang 0.1.1 2.25 16.31 18.56 OK
r-devel-linux-x86_64-debian-gcc 0.1.1 1.90 13.84 15.74 OK
r-devel-linux-x86_64-fedora-clang 0.1.1 29.03 OK
r-devel-linux-x86_64-fedora-gcc 0.1.1 27.87 OK
r-devel-macos-arm64 0.1.1 15.00 OK
r-devel-macos-x86_64 0.1.1 22.00 OK
r-devel-windows-x86_64 0.1.1 5.00 40.00 45.00 OK
r-patched-linux-x86_64 0.1.1 2.03 15.74 17.77 NOTE
r-release-linux-x86_64 0.1.1 1.94 15.46 17.40 NOTE
r-release-macos-arm64 0.1.1 14.00 NOTE
r-release-macos-x86_64 0.1.1 19.00 NOTE
r-release-windows-x86_64 0.1.1 5.00 36.00 41.00 NOTE
r-oldrel-macos-arm64 0.1.1 17.00 NOTE
r-oldrel-macos-x86_64 0.1.1 20.00 NOTE
r-oldrel-windows-x86_64 0.1.1 5.00 35.00 40.00 NOTE

Check Details

Version: 0.1.1
Check: LazyData
Result: NOTE 'LazyData' is specified without a 'data' directory Flavors: r-patched-linux-x86_64, r-release-linux-x86_64, r-release-macos-arm64, r-release-macos-x86_64, r-release-windows-x86_64, r-oldrel-macos-arm64, r-oldrel-macos-x86_64, r-oldrel-windows-x86_64