CRAN Package Check Results for Package osqp

Last updated on 2025-05-17 19:52:00 CEST.

Flavor Version Tinstall Tcheck Ttotal Status Flags
r-devel-linux-x86_64-debian-clang 0.6.3.3 22.55 56.23 78.78 OK
r-devel-linux-x86_64-debian-gcc 0.6.3.3 17.61 43.01 60.62 OK
r-devel-linux-x86_64-fedora-clang 0.6.3.3 125.97 OK
r-devel-linux-x86_64-fedora-gcc 0.6.3.3 132.44 OK
r-devel-windows-x86_64 0.6.3.3 1.00 5.00 6.00 ERROR
r-patched-linux-x86_64 0.6.3.3 22.25 54.81 77.06 OK
r-release-linux-x86_64 0.6.3.3 25.03 54.99 80.02 OK
r-release-macos-arm64 0.6.3.3 61.00 OK
r-release-macos-x86_64 0.6.3.3 73.00 OK
r-release-windows-x86_64 0.6.3.3 49.00 93.00 142.00 OK
r-oldrel-macos-arm64 0.6.3.3 53.00 OK
r-oldrel-macos-x86_64 0.6.3.3 102.00 OK
r-oldrel-windows-x86_64 0.6.3.3 55.00 109.00 164.00 OK

Check Details

Version: 0.6.3.3
Check: whether package can be installed
Result: ERROR Installation failed. Flavor: r-devel-windows-x86_64