CRAN Package Check Results for Package pcalls

Last updated on 2024-12-18 19:49:19 CET.

Flavor Version Tinstall Tcheck Ttotal Status Flags
r-devel-linux-x86_64-debian-clang 1.0 1.68 17.38 19.06 OK
r-devel-linux-x86_64-debian-gcc 1.0 1.40 14.59 15.99 OK
r-devel-linux-x86_64-fedora-clang 1.0 30.80 OK
r-devel-linux-x86_64-fedora-gcc 1.0 29.15 OK
r-devel-windows-x86_64 1.0 2.00 42.00 44.00 OK
r-patched-linux-x86_64 1.0 1.61 16.92 18.53 NOTE
r-release-linux-x86_64 1.0 1.46 17.12 18.58 NOTE
r-release-macos-arm64 1.0 13.00 NOTE
r-release-macos-x86_64 1.0 19.00 NOTE
r-release-windows-x86_64 1.0 3.00 47.00 50.00 NOTE
r-oldrel-macos-arm64 1.0 16.00 NOTE
r-oldrel-macos-x86_64 1.0 19.00 NOTE
r-oldrel-windows-x86_64 1.0 3.00 41.00 44.00 NOTE

Check Details

Version: 1.0
Check: LazyData
Result: NOTE 'LazyData' is specified without a 'data' directory Flavors: r-patched-linux-x86_64, r-release-linux-x86_64, r-release-macos-arm64, r-release-macos-x86_64, r-release-windows-x86_64, r-oldrel-macos-arm64, r-oldrel-macos-x86_64, r-oldrel-windows-x86_64