Last updated on 2025-02-24 19:50:43 CET.
Flavor | Version | Tinstall | Tcheck | Ttotal | Status | Flags |
---|---|---|---|---|---|---|
r-devel-linux-x86_64-debian-clang | 0.5.1 | 6.61 | 58.57 | 65.18 | NOTE | |
r-devel-linux-x86_64-debian-gcc | 0.5.1 | 3.85 | 42.76 | 46.61 | NOTE | |
r-devel-linux-x86_64-fedora-clang | 0.5.1 | 104.92 | OK | |||
r-devel-linux-x86_64-fedora-gcc | 0.5.1 | 112.79 | OK | |||
r-devel-macos-arm64 | 0.5.1 | 38.00 | OK | |||
r-devel-macos-x86_64 | 0.5.1 | 73.00 | OK | |||
r-devel-windows-x86_64 | 0.5.1 | 8.00 | 105.00 | 113.00 | NOTE | |
r-patched-linux-x86_64 | 0.5.1 | 10.61 | 55.99 | 66.60 | OK | |
r-release-linux-x86_64 | 0.5.1 | 5.38 | 55.96 | 61.34 | OK | |
r-release-macos-arm64 | 0.5.1 | 36.00 | OK | |||
r-release-macos-x86_64 | 0.5.1 | 84.00 | OK | |||
r-release-windows-x86_64 | 0.5.1 | 9.00 | 96.00 | 105.00 | OK | |
r-oldrel-macos-arm64 | 0.5.1 | 41.00 | OK | |||
r-oldrel-macos-x86_64 | 0.5.1 | 90.00 | OK | |||
r-oldrel-windows-x86_64 | 0.5.1 | 10.00 | 105.00 | 115.00 | OK |
Version: 0.5.1
Check: Rd cross-references
Result: NOTE
Found the following Rd file(s) with Rd \link{} targets missing package
anchors:
innerplot.Rd: plotmat
outerplot.Rd: plotmat
plot.plspm.Rd: plotmat
Please provide package anchors for all Rd \link{} targets not in the
package itself and the base packages.
Flavors: r-devel-linux-x86_64-debian-clang, r-devel-linux-x86_64-debian-gcc, r-devel-windows-x86_64