CRAN Package Check Results for Package pmhtutorial

Last updated on 2024-12-18 19:49:20 CET.

Flavor Version Tinstall Tcheck Ttotal Status Flags
r-devel-linux-x86_64-debian-clang 1.5 2.70 24.64 27.34 OK
r-devel-linux-x86_64-debian-gcc 1.5 1.99 19.23 21.22 OK
r-devel-linux-x86_64-fedora-clang 1.5 43.74 OK
r-devel-linux-x86_64-fedora-gcc 1.5 43.29 OK
r-devel-windows-x86_64 1.5 5.00 49.00 54.00 OK
r-patched-linux-x86_64 1.5 2.57 23.74 26.31 NOTE
r-release-linux-x86_64 1.5 2.68 23.63 26.31 NOTE
r-release-macos-arm64 1.5 17.00 NOTE
r-release-macos-x86_64 1.5 25.00 NOTE
r-release-windows-x86_64 1.5 5.00 63.00 68.00 NOTE
r-oldrel-macos-arm64 1.5 19.00 NOTE
r-oldrel-macos-x86_64 1.5 26.00 NOTE
r-oldrel-windows-x86_64 1.5 6.00 51.00 57.00 NOTE

Check Details

Version: 1.5
Check: LazyData
Result: NOTE 'LazyData' is specified without a 'data' directory Flavors: r-patched-linux-x86_64, r-release-linux-x86_64, r-release-macos-arm64, r-release-macos-x86_64, r-release-windows-x86_64, r-oldrel-macos-arm64, r-oldrel-macos-x86_64, r-oldrel-windows-x86_64