Last updated on 2025-05-17 19:52:01 CEST.
Flavor | Version | Tinstall | Tcheck | Ttotal | Status | Flags |
---|---|---|---|---|---|---|
r-devel-linux-x86_64-debian-clang | 0.2.1 | 6.92 | 124.64 | 131.56 | NOTE | |
r-devel-linux-x86_64-debian-gcc | 0.2.1 | 5.73 | 89.19 | 94.92 | NOTE | |
r-devel-linux-x86_64-fedora-clang | 0.2.1 | 207.61 | OK | |||
r-devel-linux-x86_64-fedora-gcc | 0.2.1 | 218.14 | OK | |||
r-devel-windows-x86_64 | 0.2.1 | 9.00 | 146.00 | 155.00 | OK | |
r-patched-linux-x86_64 | 0.2.1 | 6.68 | 118.00 | 124.68 | OK | |
r-release-linux-x86_64 | 0.2.1 | 6.56 | 118.27 | 124.83 | OK | |
r-release-macos-arm64 | 0.2.1 | 71.00 | OK | |||
r-release-macos-x86_64 | 0.2.1 | 130.00 | OK | |||
r-release-windows-x86_64 | 0.2.1 | 9.00 | 140.00 | 149.00 | OK | |
r-oldrel-macos-arm64 | 0.2.1 | 60.00 | OK | |||
r-oldrel-macos-x86_64 | 0.2.1 | 95.00 | OK | |||
r-oldrel-windows-x86_64 | 0.2.1 | 11.00 | 172.00 | 183.00 | OK |
Version: 0.2.1
Check: CRAN incoming feasibility
Result: NOTE
Maintainer: ‘Marios Batsaris <m.batsaris@aegean.gr>’
No Authors@R field in DESCRIPTION.
Please add one, modifying
Authors@R: person(given = "Marios",
family = "Batsaris",
role = c("aut", "cre"),
email = "m.batsaris@aegean.gr")
as necessary.
Flavors: r-devel-linux-x86_64-debian-clang, r-devel-linux-x86_64-debian-gcc