Last updated on 2024-12-18 19:49:21 CET.
Flavor | Version | Tinstall | Tcheck | Ttotal | Status | Flags |
---|---|---|---|---|---|---|
r-devel-linux-x86_64-debian-clang | 1.2.1 | 4.81 | 45.81 | 50.62 | OK | |
r-devel-linux-x86_64-debian-gcc | 1.2.1 | 2.92 | 31.72 | 34.64 | OK | |
r-devel-linux-x86_64-fedora-clang | 1.2.1 | 82.01 | OK | |||
r-devel-linux-x86_64-fedora-gcc | 1.2.1 | 89.49 | OK | |||
r-devel-windows-x86_64 | 1.2.1 | 5.00 | 74.00 | 79.00 | OK | |
r-patched-linux-x86_64 | 1.2.1 | 5.54 | 43.79 | 49.33 | NOTE | |
r-release-linux-x86_64 | 1.2.1 | 3.95 | 43.34 | 47.29 | NOTE | |
r-release-macos-arm64 | 1.2.1 | 36.00 | NOTE | |||
r-release-macos-x86_64 | 1.2.1 | 76.00 | NOTE | |||
r-release-windows-x86_64 | 1.2.1 | 6.00 | 75.00 | 81.00 | NOTE | |
r-oldrel-macos-arm64 | 1.2.1 | 38.00 | NOTE | |||
r-oldrel-macos-x86_64 | 1.2.1 | 52.00 | NOTE | |||
r-oldrel-windows-x86_64 | 1.2.1 | 6.00 | 82.00 | 88.00 | NOTE |
Version: 1.2.1
Check: LazyData
Result: NOTE
'LazyData' is specified without a 'data' directory
Flavors: r-patched-linux-x86_64, r-release-linux-x86_64, r-release-macos-arm64, r-release-macos-x86_64, r-release-windows-x86_64, r-oldrel-macos-arm64, r-oldrel-macos-x86_64, r-oldrel-windows-x86_64