CRAN Package Check Results for Package qpmadr

Last updated on 2024-12-18 19:49:21 CET.

Flavor Version Tinstall Tcheck Ttotal Status Flags
r-devel-linux-x86_64-debian-clang 1.1.0-0 22.64 24.04 46.68 NOTE
r-devel-linux-x86_64-debian-gcc 1.1.0-0 20.09 21.56 41.65 NOTE
r-devel-linux-x86_64-fedora-clang 1.1.0-0 84.12 NOTE
r-devel-linux-x86_64-fedora-gcc 1.1.0-0 95.10 NOTE
r-devel-windows-x86_64 1.1.0-0 28.00 65.00 93.00 NOTE
r-patched-linux-x86_64 1.1.0-0 25.54 25.10 50.64 NOTE
r-release-linux-x86_64 1.1.0-0 25.60 25.38 50.98 NOTE
r-release-macos-arm64 1.1.0-0 29.00 NOTE
r-release-macos-x86_64 1.1.0-0 41.00 NOTE
r-release-windows-x86_64 1.1.0-0 28.00 64.00 92.00 NOTE
r-oldrel-macos-arm64 1.1.0-0 32.00 NOTE
r-oldrel-macos-x86_64 1.1.0-0 48.00 NOTE
r-oldrel-windows-x86_64 1.1.0-0 31.00 72.00 103.00 NOTE

Check Details

Version: 1.1.0-0
Check: C++ specification
Result: NOTE Specified C++11: please drop specification unless essential Flavors: r-devel-linux-x86_64-debian-clang, r-devel-linux-x86_64-debian-gcc, r-devel-linux-x86_64-fedora-clang, r-devel-linux-x86_64-fedora-gcc, r-devel-windows-x86_64, r-patched-linux-x86_64, r-release-linux-x86_64, r-release-macos-arm64, r-release-macos-x86_64, r-release-windows-x86_64, r-oldrel-macos-arm64, r-oldrel-macos-x86_64, r-oldrel-windows-x86_64

Version: 1.1.0-0
Check: installed package size
Result: NOTE installed size is 9.2Mb sub-directories of 1Mb or more: libs 9.0Mb Flavors: r-release-macos-arm64, r-release-macos-x86_64, r-oldrel-macos-arm64, r-oldrel-macos-x86_64