Last updated on 2025-05-15 08:52:25 CEST.
Flavor | Version | Tinstall | Tcheck | Ttotal | Status | Flags |
---|---|---|---|---|---|---|
r-devel-linux-x86_64-debian-clang | 0.1.0 | 1.51 | 15.93 | 17.44 | NOTE | |
r-devel-linux-x86_64-debian-gcc | 0.1.0 | 1.34 | 13.57 | 14.91 | NOTE | |
r-devel-linux-x86_64-fedora-clang | 0.1.0 | 27.45 | OK | |||
r-devel-linux-x86_64-fedora-gcc | 0.1.0 | 26.16 | OK | |||
r-devel-windows-x86_64 | 0.1.0 | 3.00 | 34.00 | 37.00 | OK | |
r-patched-linux-x86_64 | 0.1.0 | 1.46 | 15.22 | 16.68 | OK | |
r-release-linux-x86_64 | 0.1.0 | 1.52 | 15.34 | 16.86 | OK | |
r-release-macos-arm64 | 0.1.0 | 15.00 | OK | |||
r-release-macos-x86_64 | 0.1.0 | 27.00 | OK | |||
r-release-windows-x86_64 | 0.1.0 | 3.00 | 38.00 | 41.00 | OK | |
r-oldrel-macos-arm64 | 0.1.0 | 12.00 | OK | |||
r-oldrel-macos-x86_64 | 0.1.0 | 22.00 | OK | |||
r-oldrel-windows-x86_64 | 0.1.0 | 2.00 | 34.00 | 36.00 | OK |
Version: 0.1.0
Check: CRAN incoming feasibility
Result: NOTE
Maintainer: ‘Mutua Kilai <kilaimutua@gmail.com>’
No Authors@R field in DESCRIPTION.
Please add one, modifying
Authors@R: person(given = "Mutua",
family = "Kilai",
role = c("aut", "cre"),
email = "kilaimutua@gmail.com")
as necessary.
Flavors: r-devel-linux-x86_64-debian-clang, r-devel-linux-x86_64-debian-gcc