CRAN Package Check Results for Package randomForestSRC

Last updated on 2025-02-11 19:49:03 CET.

Flavor Version Tinstall Tcheck Ttotal Status Flags
r-devel-linux-x86_64-debian-clang 3.3.3 44.58 108.09 152.67 OK
r-devel-linux-x86_64-debian-gcc 3.3.3 32.57 70.23 102.80 OK
r-devel-linux-x86_64-fedora-clang 3.3.3 261.40 OK
r-devel-linux-x86_64-fedora-gcc 3.3.3 262.39 NOTE
r-devel-windows-x86_64 3.3.3 51.00 127.00 178.00 OK
r-patched-linux-x86_64 3.3.3 47.43 100.50 147.93 OK
r-release-linux-x86_64 3.3.3 48.39 99.69 148.08 OK
r-release-macos-arm64 3.3.3 63.00 OK
r-release-macos-x86_64 3.3.3 131.00 OK
r-release-windows-x86_64 3.3.3 54.00 126.00 180.00 OK
r-oldrel-macos-arm64 3.3.3 65.00 OK
r-oldrel-macos-x86_64 3.3.3 143.00 OK
r-oldrel-windows-x86_64 3.3.3 61.00 156.00 217.00 OK

Check Details

Version: 3.3.3
Check: HTML version of manual
Result: NOTE Skipping checking math rendering: package 'V8' unavailable Flavor: r-devel-linux-x86_64-fedora-gcc