Last updated on 2025-02-24 19:50:44 CET.
Flavor | Version | Tinstall | Tcheck | Ttotal | Status | Flags |
---|---|---|---|---|---|---|
r-devel-linux-x86_64-debian-clang | 0.0.5 | 15.01 | 29.62 | 44.63 | OK | |
r-devel-linux-x86_64-debian-gcc | 0.0.5 | 11.12 | 22.10 | 33.22 | OK | |
r-devel-linux-x86_64-fedora-clang | 0.0.5 | 85.75 | WARN | |||
r-devel-linux-x86_64-fedora-gcc | 0.0.5 | 88.07 | OK | |||
r-devel-macos-arm64 | 0.0.5 | 33.00 | OK | |||
r-devel-macos-x86_64 | 0.0.5 | 57.00 | OK | |||
r-devel-windows-x86_64 | 0.0.5 | 18.00 | 76.00 | 94.00 | OK | |
r-patched-linux-x86_64 | 0.0.5 | 16.21 | 28.46 | 44.67 | OK | |
r-release-linux-x86_64 | 0.0.5 | 14.70 | 28.29 | 42.99 | OK | |
r-release-macos-arm64 | 0.0.5 | 34.00 | OK | |||
r-release-macos-x86_64 | 0.0.5 | 71.00 | OK | |||
r-release-windows-x86_64 | 0.0.5 | 18.00 | 71.00 | 89.00 | OK | |
r-oldrel-macos-arm64 | 0.0.5 | 36.00 | OK | |||
r-oldrel-macos-x86_64 | 0.0.5 | 71.00 | OK | |||
r-oldrel-windows-x86_64 | 0.0.5 | 23.00 | 74.00 | 97.00 | OK |
Version: 0.0.5
Check: whether package can be installed
Result: WARN
Found the following significant warnings:
/data/gannet/ripley/R/test-clang/cpp11/include/cpp11/R.hpp:52:31: warning: identifier '_xl' preceded by whitespace in a literal operator declaration is deprecated [-Wdeprecated-literal-operator]
/data/gannet/ripley/R/test-clang/cpp11/include/cpp11/named_arg.hpp:42:29: warning: identifier '_nm' preceded by whitespace in a literal operator declaration is deprecated [-Wdeprecated-literal-operator]
See ‘/data/gannet/ripley/R/packages/tests-clang/readNSx.Rcheck/00install.out’ for details.
* used C++ compiler: ‘clang version 20.1.0-rc2’
Flavor: r-devel-linux-x86_64-fedora-clang