Last updated on 2025-02-07 08:51:33 CET.
Flavor | Version | Tinstall | Tcheck | Ttotal | Status | Flags |
---|---|---|---|---|---|---|
r-devel-linux-x86_64-debian-clang | 1.2.1 | 44.24 | 291.75 | 335.99 | NOTE | |
r-devel-linux-x86_64-debian-gcc | 1.2.1 | 32.56 | 187.54 | 220.10 | NOTE | |
r-devel-linux-x86_64-fedora-clang | 1.2.1 | 549.14 | NOTE | |||
r-devel-linux-x86_64-fedora-gcc | 1.2.1 | 510.33 | NOTE | |||
r-devel-windows-x86_64 | 1.2.1 | 46.00 | 245.00 | 291.00 | NOTE | |
r-patched-linux-x86_64 | 1.2.1 | 44.04 | 268.70 | 312.74 | NOTE | |
r-release-linux-x86_64 | 1.2.1 | 40.20 | 270.92 | 311.12 | NOTE | |
r-release-macos-arm64 | 1.2.1 | 113.00 | OK | |||
r-release-macos-x86_64 | 1.2.1 | 205.00 | OK | |||
r-release-windows-x86_64 | 1.2.1 | 45.00 | 244.00 | 289.00 | OK | |
r-oldrel-macos-arm64 | 1.2.1 | 119.00 | OK | |||
r-oldrel-macos-x86_64 | 1.2.1 | 226.00 | OK | |||
r-oldrel-windows-x86_64 | 1.2.1 | 57.00 | 344.00 | 401.00 | OK |
Version: 1.2.1
Check: Rd cross-references
Result: NOTE
Found the following Rd file(s) with Rd \link{} targets missing package
anchors:
anomalize.Rd: calc, writeRaster
covWeight.Rd: getValues
deseason.Rd: writeRaster
predict.Rd: calc
remote-package.Rd: raster-package
writeEot.Rd: writeRaster
Please provide package anchors for all Rd \link{} targets not in the
package itself and the base packages.
Flavors: r-devel-linux-x86_64-debian-clang, r-devel-linux-x86_64-debian-gcc, r-devel-windows-x86_64
Version: 1.2.1
Check: for non-standard things in the check directory
Result: NOTE
Found the following files/directories:
‘vdendool_mode_01_int_predictor.grd’
‘vdendool_mode_01_int_predictor.gri’
‘vdendool_mode_01_int_response.grd’
‘vdendool_mode_01_int_response.gri’
‘vdendool_mode_01_p_predictor.grd’ ‘vdendool_mode_01_p_predictor.gri’
‘vdendool_mode_01_p_response.grd’ ‘vdendool_mode_01_p_response.gri’
‘vdendool_mode_01_r_predictor.grd’ ‘vdendool_mode_01_r_predictor.gri’
‘vdendool_mode_01_r_response.grd’ ‘vdendool_mode_01_r_response.gri’
‘vdendool_mode_01_resid_predictor.grd’
‘vdendool_mode_01_resid_predictor.gri’
‘vdendool_mode_01_resid_response.grd’
‘vdendool_mode_01_resid_response.gri’
‘vdendool_mode_01_rsq_predictor.grd’
‘vdendool_mode_01_rsq_predictor.gri’
‘vdendool_mode_01_rsq_response.grd’
‘vdendool_mode_01_rsq_response.gri’
‘vdendool_mode_01_rsq_sums_predictor.grd’
‘vdendool_mode_01_rsq_sums_predictor.gri’
‘vdendool_mode_01_slp_predictor.grd’
‘vdendool_mode_01_slp_predictor.gri’
‘vdendool_mode_01_slp_response.grd’
‘vdendool_mode_01_slp_response.gri’
‘vdendool_mode_02_int_predictor.grd’
‘vdendool_mode_02_int_predictor.gri’
‘vdendool_mode_02_int_response.grd’
‘vdendool_mode_02_int_response.gri’
‘vdendool_mode_02_p_predictor.grd’ ‘vdendool_mode_02_p_predictor.gri’
‘vdendool_mode_02_p_response.grd’ ‘vdendool_mode_02_p_response.gri’
‘vdendool_mode_02_r_predictor.grd’ ‘vdendool_mode_02_r_predictor.gri’
‘vdendool_mode_02_r_response.grd’ ‘vdendool_mode_02_r_response.gri’
‘vdendool_mode_02_resid_predictor.grd’
‘vdendool_mode_02_resid_predictor.gri’
‘vdendool_mode_02_resid_response.grd’
‘vdendool_mode_02_resid_response.gri’
‘vdendool_mode_02_rsq_predictor.grd’
‘vdendool_mode_02_rsq_predictor.gri’
‘vdendool_mode_02_rsq_response.grd’
‘vdendool_mode_02_rsq_response.gri’
‘vdendool_mode_02_rsq_sums_predictor.grd’
‘vdendool_mode_02_rsq_sums_predictor.gri’
‘vdendool_mode_02_slp_predictor.grd’
‘vdendool_mode_02_slp_predictor.gri’
‘vdendool_mode_02_slp_response.grd’
‘vdendool_mode_02_slp_response.gri’
Flavors: r-devel-linux-x86_64-debian-clang, r-devel-linux-x86_64-debian-gcc, r-devel-linux-x86_64-fedora-clang, r-devel-linux-x86_64-fedora-gcc, r-patched-linux-x86_64, r-release-linux-x86_64
Version: 1.2.1
Check: compiled code
Result: NOTE
File ‘remote/libs/remote.so’:
Found no calls to: ‘R_registerRoutines’, ‘R_useDynamicSymbols’
It is good practice to register native routines and to disable symbol
search.
See ‘Writing portable packages’ in the ‘Writing R Extensions’ manual.
Flavors: r-devel-linux-x86_64-fedora-clang, r-devel-linux-x86_64-fedora-gcc