Last updated on 2025-02-24 19:50:45 CET.
Flavor | Version | Tinstall | Tcheck | Ttotal | Status | Flags |
---|---|---|---|---|---|---|
r-devel-linux-x86_64-debian-clang | 1.0.0 | 21.86 | 25.49 | 47.35 | OK | |
r-devel-linux-x86_64-debian-gcc | 1.0.0 | 17.21 | 20.11 | 37.32 | OK | |
r-devel-linux-x86_64-fedora-clang | 1.0.0 | 81.06 | WARN | |||
r-devel-linux-x86_64-fedora-gcc | 1.0.0 | 83.13 | OK | |||
r-devel-macos-arm64 | 1.0.0 | 24.00 | OK | |||
r-devel-macos-x86_64 | 1.0.0 | 52.00 | OK | |||
r-devel-windows-x86_64 | 1.0.0 | 22.00 | 72.00 | 94.00 | OK | |
r-patched-linux-x86_64 | 1.0.0 | 22.66 | 24.53 | 47.19 | OK | |
r-release-linux-x86_64 | 1.0.0 | 22.78 | 24.18 | 46.96 | OK | |
r-release-macos-arm64 | 1.0.0 | 25.00 | OK | |||
r-release-macos-x86_64 | 1.0.0 | 38.00 | OK | |||
r-release-windows-x86_64 | 1.0.0 | 21.00 | 65.00 | 86.00 | OK | |
r-oldrel-macos-arm64 | 1.0.0 | 26.00 | OK | |||
r-oldrel-macos-x86_64 | 1.0.0 | 61.00 | OK | |||
r-oldrel-windows-x86_64 | 1.0.0 | 22.00 | 75.00 | 97.00 | OK |
Version: 1.0.0
Check: whether package can be installed
Result: WARN
Found the following significant warnings:
../inst/include/nlohmann/json.hpp:24392:35: warning: identifier '_json' preceded by whitespace in a literal operator declaration is deprecated [-Wdeprecated-literal-operator]
../inst/include/nlohmann/json.hpp:24400:49: warning: identifier '_json_pointer' preceded by whitespace in a literal operator declaration is deprecated [-Wdeprecated-literal-operator]
../inst/include/nlohmann/json.hpp:24464:58: warning: identifier '_json' preceded by whitespace in a literal operator declaration is deprecated [-Wdeprecated-literal-operator]
../inst/include/nlohmann/json.hpp:24465:58: warning: identifier '_json_pointer' preceded by whitespace in a literal operator declaration is deprecated [-Wdeprecated-literal-operator]
See ‘/data/gannet/ripley/R/packages/tests-clang/rflashtext.Rcheck/00install.out’ for details.
* used C++ compiler: ‘clang version 20.1.0-rc2’
Flavor: r-devel-linux-x86_64-fedora-clang