Last updated on 2025-02-07 08:51:34 CET.
Flavor | Version | Tinstall | Tcheck | Ttotal | Status | Flags |
---|---|---|---|---|---|---|
r-devel-linux-x86_64-debian-clang | 0.8.7 | 124.04 | 30.15 | 154.19 | NOTE | |
r-devel-linux-x86_64-debian-gcc | 0.8.7 | 110.97 | 23.16 | 134.13 | NOTE | |
r-devel-linux-x86_64-fedora-clang | 0.8.7 | 313.17 | NOTE | |||
r-devel-linux-x86_64-fedora-gcc | 0.8.7 | 375.49 | NOTE | |||
r-devel-windows-x86_64 | 0.8.7 | 149.00 | 87.00 | 236.00 | NOTE | |
r-patched-linux-x86_64 | 0.8.7 | 155.01 | 28.82 | 183.83 | NOTE | |
r-release-linux-x86_64 | 0.8.7 | 159.92 | 28.52 | 188.44 | NOTE | |
r-release-macos-arm64 | 0.8.7 | 73.00 | NOTE | |||
r-release-macos-x86_64 | 0.8.7 | 68.00 | NOTE | |||
r-release-windows-x86_64 | 0.8.7 | 151.00 | 79.00 | 230.00 | NOTE | |
r-oldrel-macos-arm64 | 0.8.7 | 95.00 | NOTE | |||
r-oldrel-macos-x86_64 | 0.8.7 | 164.00 | NOTE | |||
r-oldrel-windows-x86_64 | 0.8.7 | 178.00 | 97.00 | 275.00 | OK |
Version: 0.8.7
Check: Rd files
Result: NOTE
checkRd: (-1) rncl.Rd:53-55: Lost braces in \itemize; \value handles \item{}{} directly
checkRd: (-1) rncl.Rd:57: Lost braces in \itemize; \value handles \item{}{} directly
checkRd: (-1) rncl.Rd:59-63: Lost braces in \itemize; \value handles \item{}{} directly
checkRd: (-1) rncl.Rd:65-71: Lost braces in \itemize; \value handles \item{}{} directly
checkRd: (-1) rncl.Rd:73-78: Lost braces in \itemize; \value handles \item{}{} directly
checkRd: (-1) rncl.Rd:80-84: Lost braces in \itemize; \value handles \item{}{} directly
checkRd: (-1) rncl.Rd:86-90: Lost braces in \itemize; \value handles \item{}{} directly
checkRd: (-1) rncl.Rd:92-93: Lost braces in \itemize; \value handles \item{}{} directly
checkRd: (-1) rncl.Rd:95-96: Lost braces in \itemize; \value handles \item{}{} directly
checkRd: (-1) rncl.Rd:98-99: Lost braces in \itemize; \value handles \item{}{} directly
checkRd: (-1) rncl.Rd:101-102: Lost braces in \itemize; \value handles \item{}{} directly
checkRd: (-1) rncl.Rd:104-105: Lost braces in \itemize; \value handles \item{}{} directly
checkRd: (-1) rncl.Rd:107-110: Lost braces in \itemize; \value handles \item{}{} directly
checkRd: (-1) rncl.Rd:112-115: Lost braces in \itemize; \value handles \item{}{} directly
checkRd: (-1) rncl.Rd:117-119: Lost braces in \itemize; \value handles \item{}{} directly
checkRd: (-1) rncl.Rd:121-124: Lost braces in \itemize; \value handles \item{}{} directly
Flavors: r-devel-linux-x86_64-debian-clang, r-devel-linux-x86_64-debian-gcc, r-devel-linux-x86_64-fedora-clang, r-devel-linux-x86_64-fedora-gcc, r-devel-windows-x86_64, r-patched-linux-x86_64, r-release-linux-x86_64, r-release-macos-arm64, r-release-macos-x86_64, r-release-windows-x86_64
Version: 0.8.7
Check: installed package size
Result: NOTE
installed size is 18.7Mb
sub-directories of 1Mb or more:
libs 18.5Mb
Flavors: r-release-macos-arm64, r-release-macos-x86_64, r-oldrel-macos-arm64, r-oldrel-macos-x86_64