Last updated on 2024-12-18 19:49:22 CET.
Flavor | Version | Tinstall | Tcheck | Ttotal | Status | Flags |
---|---|---|---|---|---|---|
r-devel-linux-x86_64-debian-clang | 0.1.6 | 115.20 | 99.13 | 214.33 | OK | |
r-devel-linux-x86_64-debian-gcc | 0.1.6 | 94.14 | 73.05 | 167.19 | OK | |
r-devel-linux-x86_64-fedora-clang | 0.1.6 | 376.78 | OK | |||
r-devel-linux-x86_64-fedora-gcc | 0.1.6 | 441.16 | OK | |||
r-devel-windows-x86_64 | 0.1.6 | 123.00 | 145.00 | 268.00 | OK | |
r-patched-linux-x86_64 | 0.1.6 | 126.86 | 93.39 | 220.25 | OK | |
r-release-linux-x86_64 | 0.1.6 | 126.48 | 93.58 | 220.06 | OK | |
r-release-macos-arm64 | 0.1.6 | 128.00 | NOTE | |||
r-release-macos-x86_64 | 0.1.6 | 129.00 | NOTE | |||
r-release-windows-x86_64 | 0.1.6 | 128.00 | 145.00 | 273.00 | OK | |
r-oldrel-macos-arm64 | 0.1.6 | 116.00 | NOTE | |||
r-oldrel-macos-x86_64 | 0.1.6 | 191.00 | NOTE | |||
r-oldrel-windows-x86_64 | 0.1.6 | 149.00 | 169.00 | 318.00 | OK |
Version: 0.1.6
Check: installed package size
Result: NOTE
installed size is 13.5Mb
sub-directories of 1Mb or more:
libs 12.4Mb
Flavors: r-release-macos-arm64, r-release-macos-x86_64, r-oldrel-macos-arm64, r-oldrel-macos-x86_64