Last updated on 2025-05-19 08:51:15 CEST.
Flavor | Version | Tinstall | Tcheck | Ttotal | Status | Flags |
---|---|---|---|---|---|---|
r-devel-linux-x86_64-debian-clang | 4.1.24 | 10.89 | 58.06 | 68.95 | OK | |
r-devel-linux-x86_64-debian-gcc | 4.1.24 | 8.22 | 44.63 | 52.85 | OK | |
r-devel-linux-x86_64-fedora-clang | 4.1.24 | 108.36 | OK | |||
r-devel-linux-x86_64-fedora-gcc | 4.1.24 | 119.65 | OK | |||
r-devel-windows-x86_64 | 4.1.24 | 29.00 | 128.00 | 157.00 | OK | |
r-patched-linux-x86_64 | 4.1.24 | 11.51 | 56.05 | 67.56 | OK | |
r-release-linux-x86_64 | 4.1.24 | 14.74 | 55.20 | 69.94 | OK | |
r-release-macos-arm64 | 4.1.24 | 50.00 | OK | |||
r-release-macos-x86_64 | 4.1.24 | 92.00 | OK | |||
r-release-windows-x86_64 | 4.1.24 | 1.00 | 6.00 | 7.00 | ERROR | |
r-oldrel-macos-arm64 | 4.1.24 | 49.00 | OK | |||
r-oldrel-macos-x86_64 | 4.1.24 | 108.00 | OK | |||
r-oldrel-windows-x86_64 | 4.1.24 | 25.00 | 112.00 | 137.00 | OK |
Version: 4.1.24
Check: whether package can be installed
Result: ERROR
Installation failed.
Flavor: r-release-windows-x86_64