Last updated on 2025-05-17 19:52:06 CEST.
Flavor | Version | Tinstall | Tcheck | Ttotal | Status | Flags |
---|---|---|---|---|---|---|
r-devel-linux-x86_64-debian-clang | 0.2.0 | 12.50 | 64.31 | 76.81 | NOTE | |
r-devel-linux-x86_64-debian-gcc | 0.2.0 | 9.53 | 44.63 | 54.16 | NOTE | |
r-devel-linux-x86_64-fedora-clang | 0.2.0 | 127.78 | NOTE | |||
r-devel-linux-x86_64-fedora-gcc | 0.2.0 | 308.32 | NOTE | |||
r-devel-windows-x86_64 | 0.2.0 | 18.00 | 99.00 | 117.00 | NOTE | |
r-patched-linux-x86_64 | 0.2.0 | 13.15 | 61.06 | 74.21 | NOTE | |
r-release-linux-x86_64 | 0.2.0 | 13.32 | 61.01 | 74.33 | NOTE | |
r-release-macos-arm64 | 0.2.0 | 102.00 | NOTE | |||
r-release-macos-x86_64 | 0.2.0 | 183.00 | NOTE | |||
r-release-windows-x86_64 | 0.2.0 | 17.00 | 96.00 | 113.00 | NOTE | |
r-oldrel-macos-arm64 | 0.2.0 | 93.00 | NOTE | |||
r-oldrel-macos-x86_64 | 0.2.0 | 161.00 | NOTE | |||
r-oldrel-windows-x86_64 | 0.2.0 | 21.00 | 121.00 | 142.00 | NOTE |
Version: 0.2.0
Check: Rd files
Result: NOTE
checkRd: (-1) setData.ReducedRankRegressions.Rd:14-16: Lost braces in \itemize; meant \describe ?
checkRd: (-1) setData.ReducedRankRegressions.Rd:17-18: Lost braces in \itemize; meant \describe ?
Flavors: r-devel-linux-x86_64-debian-clang, r-devel-linux-x86_64-debian-gcc, r-devel-linux-x86_64-fedora-clang, r-devel-linux-x86_64-fedora-gcc, r-devel-windows-x86_64, r-patched-linux-x86_64, r-release-linux-x86_64, r-release-macos-arm64, r-release-macos-x86_64, r-release-windows-x86_64, r-oldrel-macos-arm64, r-oldrel-macos-x86_64, r-oldrel-windows-x86_64
Version: 0.2.0
Check: compiled code
Result: NOTE
File ‘sBIC/libs/sBIC.so’:
Found no calls to: ‘R_registerRoutines’, ‘R_useDynamicSymbols’
It is good practice to register native routines and to disable symbol
search.
See ‘Writing portable packages’ in the ‘Writing R Extensions’ manual.
Flavors: r-devel-linux-x86_64-fedora-clang, r-devel-linux-x86_64-fedora-gcc