Last updated on 2025-05-19 08:51:16 CEST.
Flavor | Version | Tinstall | Tcheck | Ttotal | Status | Flags |
---|---|---|---|---|---|---|
r-devel-linux-x86_64-debian-clang | 0.1.1 | 3.77 | 18.52 | 22.29 | NOTE | |
r-devel-linux-x86_64-debian-gcc | 0.1.1 | 2.72 | 15.19 | 17.91 | NOTE | |
r-devel-linux-x86_64-fedora-clang | 0.1.1 | 31.64 | OK | |||
r-devel-linux-x86_64-fedora-gcc | 0.1.1 | 30.72 | OK | |||
r-devel-windows-x86_64 | 0.1.1 | 7.00 | 48.00 | 55.00 | OK | |
r-patched-linux-x86_64 | 0.1.1 | 3.24 | 16.14 | 19.38 | OK | |
r-release-linux-x86_64 | 0.1.1 | 3.37 | 15.91 | 19.28 | OK | |
r-release-macos-arm64 | 0.1.1 | 16.00 | OK | |||
r-release-macos-x86_64 | 0.1.1 | 24.00 | OK | |||
r-release-windows-x86_64 | 0.1.1 | 8.00 | 42.00 | 50.00 | OK | |
r-oldrel-macos-arm64 | 0.1.1 | 15.00 | OK | |||
r-oldrel-macos-x86_64 | 0.1.1 | 23.00 | OK | |||
r-oldrel-windows-x86_64 | 0.1.1 | 7.00 | 37.00 | 44.00 | OK |
Version: 0.1.1
Check: CRAN incoming feasibility
Result: NOTE
Maintainer: ‘Dirk Eddelbuettel <edd@debian.org>’
No Authors@R field in DESCRIPTION.
Please add one, modifying
Authors@R: person(given = "Dirk",
family = "Eddelbuettel",
role = c("aut", "cre"),
email = "edd@debian.org")
as necessary.
Flavors: r-devel-linux-x86_64-debian-clang, r-devel-linux-x86_64-debian-gcc