Last updated on 2024-12-18 19:49:23 CET.
Flavor | Version | Tinstall | Tcheck | Ttotal | Status | Flags |
---|---|---|---|---|---|---|
r-devel-linux-x86_64-debian-clang | 0.2.21 | 3.82 | 34.50 | 38.32 | OK | |
r-devel-linux-x86_64-debian-gcc | 0.2.21 | 2.81 | 25.89 | 28.70 | OK | |
r-devel-linux-x86_64-fedora-clang | 0.2.21 | 67.18 | OK | |||
r-devel-linux-x86_64-fedora-gcc | 0.2.21 | 58.37 | OK | |||
r-devel-windows-x86_64 | 0.2.21 | 6.00 | 61.00 | 67.00 | OK | |
r-patched-linux-x86_64 | 0.2.21 | 3.87 | 33.07 | 36.94 | NOTE | |
r-release-linux-x86_64 | 0.2.21 | 3.91 | 33.34 | 37.25 | NOTE | |
r-release-macos-arm64 | 0.2.21 | 37.00 | NOTE | |||
r-release-macos-x86_64 | 0.2.21 | 39.00 | NOTE | |||
r-release-windows-x86_64 | 0.2.21 | 6.00 | 61.00 | 67.00 | NOTE | |
r-oldrel-macos-arm64 | 0.2.21 | 55.00 | NOTE | |||
r-oldrel-macos-x86_64 | 0.2.21 | 38.00 | NOTE | |||
r-oldrel-windows-x86_64 | 0.2.21 | 6.00 | 65.00 | 71.00 | NOTE |
Version: 0.2.21
Check: LazyData
Result: NOTE
'LazyData' is specified without a 'data' directory
Flavors: r-patched-linux-x86_64, r-release-linux-x86_64, r-release-macos-arm64, r-release-macos-x86_64, r-release-windows-x86_64, r-oldrel-macos-arm64, r-oldrel-macos-x86_64, r-oldrel-windows-x86_64