Last updated on 2024-12-18 19:49:23 CET.
Flavor | Version | Tinstall | Tcheck | Ttotal | Status | Flags |
---|---|---|---|---|---|---|
r-devel-linux-x86_64-debian-clang | 0.4.1 | 35.46 | 99.72 | 135.18 | OK | |
r-devel-linux-x86_64-debian-gcc | 0.4.1 | 25.03 | 72.76 | 97.79 | OK | |
r-devel-linux-x86_64-fedora-clang | 0.4.1 | 244.12 | OK | |||
r-devel-linux-x86_64-fedora-gcc | 0.4.1 | 239.16 | OK | |||
r-devel-windows-x86_64 | 0.4.1 | 41.00 | 127.00 | 168.00 | OK | |
r-patched-linux-x86_64 | 0.4.1 | 35.98 | 93.39 | 129.37 | OK | |
r-release-linux-x86_64 | 0.4.1 | 31.44 | 94.68 | 126.12 | OK | |
r-release-macos-arm64 | 0.4.1 | 56.00 | NOTE | |||
r-release-macos-x86_64 | 0.4.1 | 88.00 | OK | |||
r-release-windows-x86_64 | 0.4.1 | 39.00 | 130.00 | 169.00 | OK | |
r-oldrel-macos-arm64 | 0.4.1 | 62.00 | NOTE | |||
r-oldrel-macos-x86_64 | 0.4.1 | 128.00 | NOTE | |||
r-oldrel-windows-x86_64 | 0.4.1 | 47.00 | 162.00 | 209.00 | OK |
Version: 0.4.1
Check: package dependencies
Result: NOTE
Package which this enhances but not available for checking: ‘glmGamPoi’
Flavors: r-release-macos-arm64, r-oldrel-macos-arm64, r-oldrel-macos-x86_64