Last updated on 2025-02-12 08:49:24 CET.
Flavor | Version | Tinstall | Tcheck | Ttotal | Status | Flags |
---|---|---|---|---|---|---|
r-devel-linux-x86_64-debian-clang | 1.2.4 | 3.25 | 155.09 | 158.34 | OK | |
r-devel-linux-x86_64-debian-gcc | 1.2.4 | 2.14 | 112.84 | 114.98 | OK | |
r-devel-linux-x86_64-fedora-clang | 1.2.4 | 281.19 | OK | |||
r-devel-linux-x86_64-fedora-gcc | 1.2.4 | 262.06 | NOTE | |||
r-devel-windows-x86_64 | 1.2.4 | 4.00 | 160.00 | 164.00 | OK | |
r-patched-linux-x86_64 | 1.2.4 | 3.60 | 143.18 | 146.78 | OK | |
r-release-linux-x86_64 | 1.2.4 | 3.05 | 140.99 | 144.04 | OK | |
r-release-macos-arm64 | 1.2.4 | 82.00 | OK | |||
r-release-macos-x86_64 | 1.2.4 | 124.00 | OK | |||
r-release-windows-x86_64 | 1.2.4 | 5.00 | 161.00 | 166.00 | OK | |
r-oldrel-macos-arm64 | 1.2.4 | 59.00 | NOTE | |||
r-oldrel-macos-x86_64 | 1.2.4 | 127.00 | NOTE | |||
r-oldrel-windows-x86_64 | 1.2.4 | 6.00 | 208.00 | 214.00 | OK |
Version: 1.2.4
Check: HTML version of manual
Result: NOTE
Skipping checking math rendering: package 'V8' unavailable
Flavor: r-devel-linux-x86_64-fedora-gcc
Version: 1.2.4
Check: package dependencies
Result: NOTE
Package suggested but not available for checking: ‘airway’
Flavors: r-oldrel-macos-arm64, r-oldrel-macos-x86_64