CRAN Package Check Results for Package sft

Last updated on 2024-12-18 19:49:23 CET.

Flavor Version Tinstall Tcheck Ttotal Status Flags
r-devel-linux-x86_64-debian-clang 2.2-1 13.92 83.85 97.77 NOTE
r-devel-linux-x86_64-debian-gcc 2.2-1 8.53 60.45 68.98 NOTE
r-devel-linux-x86_64-fedora-clang 2.2-1 156.00 OK
r-devel-linux-x86_64-fedora-gcc 2.2-1 143.41 OK
r-devel-windows-x86_64 2.2-1 13.00 103.00 116.00 NOTE
r-patched-linux-x86_64 2.2-1 19.20 77.44 96.64 OK
r-release-linux-x86_64 2.2-1 13.10 77.74 90.84 OK
r-release-macos-arm64 2.2-1 40.00 OK
r-release-macos-x86_64 2.2-1 65.00 OK
r-release-windows-x86_64 2.2-1 16.00 111.00 127.00 OK
r-oldrel-macos-arm64 2.2-1 48.00 OK
r-oldrel-macos-x86_64 2.2-1 74.00 OK
r-oldrel-windows-x86_64 2.2-1 18.00 123.00 141.00 OK

Check Details

Version: 2.2-1
Check: Rd cross-references
Result: NOTE Found the following Rd file(s) with Rd \link{} targets missing package anchors: fPCAassessment.Rd: fda fPCAcapacity.Rd: fda Please provide package anchors for all Rd \link{} targets not in the package itself and the base packages. Flavors: r-devel-linux-x86_64-debian-clang, r-devel-linux-x86_64-debian-gcc, r-devel-windows-x86_64