Last updated on 2025-05-17 08:49:50 CEST.
Flavor | Version | Tinstall | Tcheck | Ttotal | Status | Flags |
---|---|---|---|---|---|---|
r-devel-linux-x86_64-debian-clang | 1.0-1 | 8.82 | 83.15 | 91.97 | NOTE | |
r-devel-linux-x86_64-debian-gcc | 1.0-1 | 6.31 | 62.42 | 68.73 | NOTE | |
r-devel-linux-x86_64-fedora-clang | 1.0-1 | 143.68 | OK | |||
r-devel-linux-x86_64-fedora-gcc | 1.0-1 | 135.65 | OK | |||
r-devel-windows-x86_64 | 1.0-1 | 12.00 | 100.00 | 112.00 | NOTE | |
r-patched-linux-x86_64 | 1.0-1 | 10.13 | 82.74 | 92.87 | NOTE | |
r-release-linux-x86_64 | 1.0-1 | 8.78 | 81.41 | 90.19 | NOTE | |
r-release-macos-arm64 | 1.0-1 | 46.00 | OK | |||
r-release-macos-x86_64 | 1.0-1 | 102.00 | OK | |||
r-release-windows-x86_64 | 1.0-1 | 11.00 | 102.00 | 113.00 | NOTE | |
r-oldrel-macos-arm64 | 1.0-1 | 39.00 | OK | |||
r-oldrel-macos-x86_64 | 1.0-1 | 69.00 | OK | |||
r-oldrel-windows-x86_64 | 1.0-1 | 13.00 | 125.00 | 138.00 | OK |
Version: 1.0-1
Check: Rd cross-references
Result: NOTE
Found the following Rd file(s) with Rd \link{} targets missing package
anchors:
cluster.plot.Rd: vegan
detect.outline.Rd: pixmap
generateShapeCoefficients.Rd: wd, wavethresh
plotWaveletShape.Rd: wavethresh
Please provide package anchors for all Rd \link{} targets not in the
package itself and the base packages.
Flavors: r-devel-linux-x86_64-debian-clang, r-devel-linux-x86_64-debian-gcc, r-devel-windows-x86_64, r-patched-linux-x86_64, r-release-linux-x86_64, r-release-windows-x86_64