CRAN Package Check Results for Package shinycustomloader

Last updated on 2024-12-18 19:49:23 CET.

Flavor Version Tinstall Tcheck Ttotal Status Flags
r-devel-linux-x86_64-debian-clang 0.9.0 2.90 30.20 33.10 OK
r-devel-linux-x86_64-debian-gcc 0.9.0 2.03 23.60 25.63 OK
r-devel-linux-x86_64-fedora-clang 0.9.0 52.63 OK
r-devel-linux-x86_64-fedora-gcc 0.9.0 47.67 OK
r-devel-windows-x86_64 0.9.0 4.00 55.00 59.00 OK
r-patched-linux-x86_64 0.9.0 2.93 28.71 31.64 NOTE
r-release-linux-x86_64 0.9.0 2.86 28.83 31.69 NOTE
r-release-macos-arm64 0.9.0 21.00 NOTE
r-release-macos-x86_64 0.9.0 33.00 NOTE
r-release-windows-x86_64 0.9.0 4.00 66.00 70.00 NOTE
r-oldrel-macos-arm64 0.9.0 21.00 NOTE
r-oldrel-macos-x86_64 0.9.0 31.00 NOTE
r-oldrel-windows-x86_64 0.9.0 5.00 56.00 61.00 NOTE

Check Details

Version: 0.9.0
Check: LazyData
Result: NOTE 'LazyData' is specified without a 'data' directory Flavors: r-patched-linux-x86_64, r-release-linux-x86_64, r-release-macos-arm64, r-release-macos-x86_64, r-release-windows-x86_64, r-oldrel-macos-arm64, r-oldrel-macos-x86_64, r-oldrel-windows-x86_64