Last updated on 2025-02-07 08:51:35 CET.
Flavor | Version | Tinstall | Tcheck | Ttotal | Status | Flags |
---|---|---|---|---|---|---|
r-devel-linux-x86_64-debian-clang | 1.2.3 | 2.07 | 19.59 | 21.66 | NOTE | |
r-devel-linux-x86_64-debian-gcc | 1.2.3 | 1.56 | 15.70 | 17.26 | NOTE | |
r-devel-linux-x86_64-fedora-clang | 1.2.3 | 34.56 | NOTE | |||
r-devel-linux-x86_64-fedora-gcc | 1.2.3 | 32.08 | NOTE | |||
r-devel-windows-x86_64 | 1.2.3 | 3.00 | 39.00 | 42.00 | NOTE | |
r-patched-linux-x86_64 | 1.2.3 | 2.11 | 18.40 | 20.51 | NOTE | |
r-release-linux-x86_64 | 1.2.3 | 1.85 | 18.61 | 20.46 | NOTE | |
r-release-macos-arm64 | 1.2.3 | 15.00 | NOTE | |||
r-release-macos-x86_64 | 1.2.3 | 20.00 | NOTE | |||
r-release-windows-x86_64 | 1.2.3 | 3.00 | 39.00 | 42.00 | NOTE | |
r-oldrel-macos-arm64 | 1.2.3 | 16.00 | OK | |||
r-oldrel-macos-x86_64 | 1.2.3 | 20.00 | OK | |||
r-oldrel-windows-x86_64 | 1.2.3 | 6.00 | 39.00 | 45.00 | OK |
Version: 1.2.3
Check: Rd files
Result: NOTE
checkRd: (-1) drr.Rd:36: Lost braces; missing escapes or markup?
36 | \code{drr} {is Rosin - Rammler probability density function}\cr
| ^
checkRd: (-1) drr.Rd:37: Lost braces; missing escapes or markup?
37 | \code{urr} {is Rosin - Rammler cumulative distribution function (CDF) representing undersize mass fraction}\cr
| ^
checkRd: (-1) drr.Rd:38: Lost braces
38 | \code{orr} {is Rosin - Rammler complementary CDF representing oversize mass fraction ie. relative remainder on the sieve with the mesh size \code{x}}\cr
| ^
Flavors: r-devel-linux-x86_64-debian-clang, r-devel-linux-x86_64-debian-gcc, r-devel-linux-x86_64-fedora-clang, r-devel-linux-x86_64-fedora-gcc, r-devel-windows-x86_64, r-patched-linux-x86_64, r-release-linux-x86_64, r-release-macos-arm64, r-release-macos-x86_64, r-release-windows-x86_64