CRAN Package Check Results for Package sievetest

Last updated on 2025-05-19 08:51:18 CEST.

Flavor Version Tinstall Tcheck Ttotal Status Flags
r-devel-linux-x86_64-debian-clang 1.2.3 1.88 19.99 21.87 NOTE
r-devel-linux-x86_64-debian-gcc 1.2.3 1.57 15.62 17.19 NOTE
r-devel-linux-x86_64-fedora-clang 1.2.3 33.37 NOTE
r-devel-linux-x86_64-fedora-gcc 1.2.3 32.28 NOTE
r-devel-windows-x86_64 1.2.3 3.00 50.00 53.00 NOTE
r-patched-linux-x86_64 1.2.3 2.14 19.09 21.23 NOTE
r-release-linux-x86_64 1.2.3 2.02 19.42 21.44 NOTE
r-release-macos-arm64 1.2.3 15.00 NOTE
r-release-macos-x86_64 1.2.3 23.00 NOTE
r-release-windows-x86_64 1.2.3 4.00 42.00 46.00 NOTE
r-oldrel-macos-arm64 1.2.3 15.00 NOTE
r-oldrel-macos-x86_64 1.2.3 20.00 NOTE
r-oldrel-windows-x86_64 1.2.3 3.00 39.00 42.00 NOTE

Check Details

Version: 1.2.3
Check: CRAN incoming feasibility
Result: NOTE Maintainer: ‘Petr Matousu <pmatousu@more-praha.cz>’ No Authors@R field in DESCRIPTION. Please add one, modifying Authors@R: person(given = "Petr", family = "Matousu", role = c("aut", "cre"), email = "pmatousu@more-praha.cz") as necessary. Flavors: r-devel-linux-x86_64-debian-clang, r-devel-linux-x86_64-debian-gcc

Version: 1.2.3
Check: Rd files
Result: NOTE checkRd: (-1) drr.Rd:36: Lost braces; missing escapes or markup? 36 | \code{drr} {is Rosin - Rammler probability density function}\cr | ^ checkRd: (-1) drr.Rd:37: Lost braces; missing escapes or markup? 37 | \code{urr} {is Rosin - Rammler cumulative distribution function (CDF) representing undersize mass fraction}\cr | ^ checkRd: (-1) drr.Rd:38: Lost braces 38 | \code{orr} {is Rosin - Rammler complementary CDF representing oversize mass fraction ie. relative remainder on the sieve with the mesh size \code{x}}\cr | ^ Flavors: r-devel-linux-x86_64-debian-clang, r-devel-linux-x86_64-debian-gcc, r-devel-linux-x86_64-fedora-clang, r-devel-linux-x86_64-fedora-gcc, r-devel-windows-x86_64, r-patched-linux-x86_64, r-release-linux-x86_64, r-release-macos-arm64, r-release-macos-x86_64, r-release-windows-x86_64, r-oldrel-macos-arm64, r-oldrel-macos-x86_64, r-oldrel-windows-x86_64