Last updated on 2025-02-24 19:50:47 CET.
Flavor | Version | Tinstall | Tcheck | Ttotal | Status | Flags |
---|---|---|---|---|---|---|
r-devel-linux-x86_64-debian-clang | 0.1.0 | 7.90 | 51.08 | 58.98 | NOTE | |
r-devel-linux-x86_64-debian-gcc | 0.1.0 | 5.28 | 36.63 | 41.91 | NOTE | |
r-devel-linux-x86_64-fedora-clang | 0.1.0 | 105.93 | WARN | |||
r-devel-linux-x86_64-fedora-gcc | 0.1.0 | 104.45 | NOTE | |||
r-devel-macos-arm64 | 0.1.0 | 38.00 | NOTE | |||
r-devel-macos-x86_64 | 0.1.0 | 73.00 | NOTE | |||
r-devel-windows-x86_64 | 0.1.0 | 13.00 | 72.00 | 85.00 | NOTE | |
r-patched-linux-x86_64 | 0.1.0 | 6.60 | 47.36 | 53.96 | NOTE | |
r-release-linux-x86_64 | 0.1.0 | 5.50 | 48.09 | 53.59 | NOTE | |
r-release-macos-arm64 | 0.1.0 | 38.00 | NOTE | |||
r-release-macos-x86_64 | 0.1.0 | 58.00 | NOTE | |||
r-release-windows-x86_64 | 0.1.0 | 14.00 | 73.00 | 87.00 | NOTE | |
r-oldrel-macos-arm64 | 0.1.0 | 39.00 | NOTE | |||
r-oldrel-macos-x86_64 | 0.1.0 | 59.00 | NOTE | |||
r-oldrel-windows-x86_64 | 0.1.0 | 14.00 | 82.00 | 96.00 | NOTE |
Version: 0.1.0
Check: C++ specification
Result: NOTE
Specified C++11: please drop specification unless essential
Flavors: r-devel-linux-x86_64-debian-clang, r-devel-linux-x86_64-debian-gcc, r-devel-linux-x86_64-fedora-clang, r-devel-linux-x86_64-fedora-gcc, r-devel-macos-arm64, r-devel-macos-x86_64, r-devel-windows-x86_64, r-patched-linux-x86_64, r-release-linux-x86_64, r-release-macos-arm64, r-release-macos-x86_64, r-release-windows-x86_64, r-oldrel-macos-arm64, r-oldrel-macos-x86_64, r-oldrel-windows-x86_64
Version: 0.1.0
Check: whether package can be installed
Result: WARN
Found the following significant warnings:
/data/gannet/ripley/R/test-clang/cpp11/include/cpp11/R.hpp:52:31: warning: identifier '_xl' preceded by whitespace in a literal operator declaration is deprecated [-Wdeprecated-literal-operator]
/data/gannet/ripley/R/test-clang/cpp11/include/cpp11/named_arg.hpp:42:29: warning: identifier '_nm' preceded by whitespace in a literal operator declaration is deprecated [-Wdeprecated-literal-operator]
See ‘/data/gannet/ripley/R/packages/tests-clang/sift.Rcheck/00install.out’ for details.
* used C++ compiler: ‘clang version 20.1.0-rc2’
Flavor: r-devel-linux-x86_64-fedora-clang