Last updated on 2025-05-17 08:49:50 CEST.
Flavor | Version | Tinstall | Tcheck | Ttotal | Status | Flags |
---|---|---|---|---|---|---|
r-devel-linux-x86_64-debian-clang | 1.0 | 1.44 | 15.65 | 17.09 | NOTE | |
r-devel-linux-x86_64-debian-gcc | 1.0 | 1.25 | 12.61 | 13.86 | NOTE | |
r-devel-linux-x86_64-fedora-clang | 1.0 | 27.24 | OK | |||
r-devel-linux-x86_64-fedora-gcc | 1.0 | 25.33 | OK | |||
r-devel-windows-x86_64 | 1.0 | 2.00 | 34.00 | 36.00 | OK | |
r-patched-linux-x86_64 | 1.0 | 1.55 | 15.02 | 16.57 | OK | |
r-release-linux-x86_64 | 1.0 | 1.44 | 15.13 | 16.57 | OK | |
r-release-macos-arm64 | 1.0 | 13.00 | OK | |||
r-release-macos-x86_64 | 1.0 | 21.00 | OK | |||
r-release-windows-x86_64 | 1.0 | 3.00 | 36.00 | 39.00 | OK | |
r-oldrel-macos-arm64 | 1.0 | 13.00 | OK | |||
r-oldrel-macos-x86_64 | 1.0 | 18.00 | OK | |||
r-oldrel-windows-x86_64 | 1.0 | 2.00 | 33.00 | 35.00 | OK |
Version: 1.0
Check: CRAN incoming feasibility
Result: NOTE
Maintainer: ‘Louis-Marvin Sander <louis.sander@web.de>’
No Authors@R field in DESCRIPTION.
Please add one, modifying
Authors@R: c(person(given = "Louis-Marvin",
family = "Sander",
role = c("aut", "cre"),
email = "louis.sander@web.de"),
person(given = c("master", "of", "ecology", "student", "from"),
family = "Bayreuth",
role = "aut"),
person(family = "DE",
role = "aut"))
as necessary.
Flavors: r-devel-linux-x86_64-debian-clang, r-devel-linux-x86_64-debian-gcc