CRAN Package Check Results for Package simMP

Last updated on 2025-02-21 08:52:46 CET.

Flavor Version Tinstall Tcheck Ttotal Status Flags
r-devel-linux-x86_64-debian-clang 0.17.3 0.33 1.73 2.06 ERROR
r-devel-linux-x86_64-debian-gcc 0.17.3 0.26 1.37 1.63 ERROR
r-devel-linux-x86_64-fedora-clang 0.17.3 95.45 NOTE
r-devel-linux-x86_64-fedora-gcc 0.17.3 90.88 NOTE
r-devel-macos-arm64 0.17.3 22.00 OK
r-devel-macos-x86_64 0.17.3 40.00 OK
r-devel-windows-x86_64 0.17.3 4.00 75.00 79.00 NOTE
r-patched-linux-x86_64 0.17.3 8.54 50.62 59.16 NOTE
r-release-linux-x86_64 0.17.3 2.06 49.03 51.09 NOTE
r-release-macos-arm64 0.17.3 22.00 NOTE
r-release-macos-x86_64 0.17.3 32.00 NOTE
r-release-windows-x86_64 0.17.3 3.00 74.00 77.00 OK
r-oldrel-macos-arm64 0.17.3 26.00 NOTE
r-oldrel-macos-x86_64 0.17.3 34.00 NOTE
r-oldrel-windows-x86_64 0.17.3 4.00 81.00 85.00 OK

Check Details

Version: 0.17.3
Check: package dependencies
Result: ERROR Package required but not available: ‘BSgenome’ Package suggested but not available for checking: ‘BSgenome.Hsapiens.UCSC.hg38’ See section ‘The DESCRIPTION file’ in the ‘Writing R Extensions’ manual. Flavors: r-devel-linux-x86_64-debian-clang, r-devel-linux-x86_64-debian-gcc

Version: 0.17.3
Check: for non-standard things in the check directory
Result: NOTE Found the following files/directories: ‘res_mutation.tsv’ ‘res_mutationCounts.txt’ ‘res_processContribution.txt’ ‘res_processes.txt’ Flavors: r-devel-linux-x86_64-fedora-clang, r-devel-linux-x86_64-fedora-gcc, r-patched-linux-x86_64, r-release-linux-x86_64

Version: 0.17.3
Check: Rd cross-references
Result: NOTE Found the following Rd file(s) with Rd \link{} targets missing package anchors: simSBS.Rd: BSgenome Please provide package anchors for all Rd \link{} targets not in the package itself and the base packages. Flavor: r-devel-windows-x86_64

Version: 0.17.3
Check: package dependencies
Result: NOTE Package suggested but not available for checking: ‘BSgenome.Hsapiens.UCSC.hg38’ Flavors: r-release-macos-arm64, r-release-macos-x86_64, r-oldrel-macos-arm64, r-oldrel-macos-x86_64