Last updated on 2025-02-24 19:50:48 CET.
Flavor | Version | Tinstall | Tcheck | Ttotal | Status | Flags |
---|---|---|---|---|---|---|
r-devel-linux-x86_64-debian-clang | 0.6.0 | 36.54 | 472.21 | 508.75 | OK | |
r-devel-linux-x86_64-debian-gcc | 0.6.0 | 25.99 | 331.36 | 357.35 | OK | |
r-devel-linux-x86_64-fedora-clang | 0.6.0 | 966.19 | WARN | |||
r-devel-linux-x86_64-fedora-gcc | 0.6.0 | 977.86 | OK | |||
r-devel-macos-arm64 | 0.6.0 | 211.00 | OK | |||
r-devel-macos-x86_64 | 0.6.0 | 460.00 | OK | |||
r-devel-windows-x86_64 | 0.6.0 | 46.00 | 376.00 | 422.00 | OK | |
r-patched-linux-x86_64 | 0.6.0 | 37.87 | 458.37 | 496.24 | OK | |
r-release-linux-x86_64 | 0.6.0 | 33.38 | 460.61 | 493.99 | OK | |
r-release-macos-arm64 | 0.6.0 | 172.00 | OK | |||
r-release-macos-x86_64 | 0.6.0 | 410.00 | OK | |||
r-release-windows-x86_64 | 0.6.0 | 47.00 | 378.00 | 425.00 | OK | |
r-oldrel-macos-arm64 | 0.6.0 | 194.00 | OK | |||
r-oldrel-macos-x86_64 | 0.6.0 | 354.00 | OK | |||
r-oldrel-windows-x86_64 | 0.6.0 | 66.00 | 585.00 | 651.00 | OK |
Version: 0.6.0
Check: whether package can be installed
Result: WARN
Found the following significant warnings:
/data/gannet/ripley/R/test-clang/cpp11/include/cpp11/R.hpp:52:31: warning: identifier '_xl' preceded by whitespace in a literal operator declaration is deprecated [-Wdeprecated-literal-operator]
/data/gannet/ripley/R/test-clang/cpp11/include/cpp11/named_arg.hpp:42:29: warning: identifier '_nm' preceded by whitespace in a literal operator declaration is deprecated [-Wdeprecated-literal-operator]
See ‘/data/gannet/ripley/R/packages/tests-clang/spatialsample.Rcheck/00install.out’ for details.
* used C++ compiler: ‘clang version 20.1.0-rc2’
Flavor: r-devel-linux-x86_64-fedora-clang