Last updated on 2025-02-21 08:52:46 CET.
Flavor | Version | Tinstall | Tcheck | Ttotal | Status | Flags |
---|---|---|---|---|---|---|
r-devel-linux-x86_64-debian-clang | 1.2.1 | 18.49 | 22.10 | 40.59 | NOTE | |
r-devel-linux-x86_64-debian-gcc | 1.2.1 | 13.38 | 17.56 | 30.94 | NOTE | |
r-devel-linux-x86_64-fedora-clang | 1.2.1 | 75.31 | NOTE | |||
r-devel-linux-x86_64-fedora-gcc | 1.2.1 | 68.93 | NOTE | |||
r-devel-macos-arm64 | 1.2.1 | 23.00 | NOTE | |||
r-devel-macos-x86_64 | 1.2.1 | 38.00 | NOTE | |||
r-devel-windows-x86_64 | 1.2.1 | 21.00 | 65.00 | 86.00 | NOTE | |
r-patched-linux-x86_64 | 1.2.1 | 18.22 | 21.44 | 39.66 | NOTE | |
r-release-linux-x86_64 | 1.2.1 | 19.02 | 21.39 | 40.41 | NOTE | |
r-release-macos-arm64 | 1.2.1 | 24.00 | NOTE | |||
r-release-macos-x86_64 | 1.2.1 | 36.00 | NOTE | |||
r-release-windows-x86_64 | 1.2.1 | 21.00 | 63.00 | 84.00 | NOTE | |
r-oldrel-macos-arm64 | 1.2.1 | 25.00 | NOTE | |||
r-oldrel-macos-x86_64 | 1.2.1 | 41.00 | NOTE | |||
r-oldrel-windows-x86_64 | 1.2.1 | 26.00 | 91.00 | 117.00 | NOTE |
Version: 1.2.1
Check: C++ specification
Result: NOTE
Specified C++11: please drop specification unless essential
Flavors: r-devel-linux-x86_64-debian-clang, r-devel-linux-x86_64-debian-gcc, r-devel-linux-x86_64-fedora-clang, r-devel-linux-x86_64-fedora-gcc, r-devel-macos-arm64, r-devel-macos-x86_64, r-devel-windows-x86_64, r-patched-linux-x86_64, r-release-linux-x86_64, r-release-macos-arm64, r-release-macos-x86_64, r-release-windows-x86_64, r-oldrel-macos-arm64, r-oldrel-macos-x86_64, r-oldrel-windows-x86_64
Version: 1.2.1
Check: Rd files
Result: NOTE
checkRd: (-1) spnn-package.Rd:15: Lost braces in \itemize; meant \describe ?
checkRd: (-1) spnn-package.Rd:16: Lost braces in \itemize; meant \describe ?
checkRd: (-1) spnn-package.Rd:17: Lost braces in \itemize; meant \describe ?
checkRd: (-1) spnn-package.Rd:18: Lost braces in \itemize; meant \describe ?
Flavors: r-devel-linux-x86_64-debian-clang, r-devel-linux-x86_64-debian-gcc, r-devel-linux-x86_64-fedora-clang, r-devel-linux-x86_64-fedora-gcc, r-devel-macos-arm64, r-devel-macos-x86_64, r-devel-windows-x86_64, r-patched-linux-x86_64, r-release-linux-x86_64, r-release-macos-arm64, r-release-macos-x86_64, r-release-windows-x86_64