Last updated on 2025-02-24 19:50:48 CET.
Flavor | Version | Tinstall | Tcheck | Ttotal | Status | Flags |
---|---|---|---|---|---|---|
r-devel-linux-x86_64-debian-clang | 1.0.8 | 67.44 | 95.38 | 162.82 | OK | |
r-devel-linux-x86_64-debian-gcc | 1.0.8 | 47.69 | 66.82 | 114.51 | OK | |
r-devel-linux-x86_64-fedora-clang | 1.0.8 | 309.94 | ERROR | |||
r-devel-linux-x86_64-fedora-gcc | 1.0.8 | 288.72 | ERROR | |||
r-devel-macos-arm64 | 1.0.8 | 76.00 | OK | |||
r-devel-macos-x86_64 | 1.0.8 | 159.00 | OK | |||
r-devel-windows-x86_64 | 1.0.8 | 84.00 | 856.00 | 940.00 | OK | |
r-patched-linux-x86_64 | 1.0.8 | 66.52 | 87.45 | 153.97 | OK | |
r-release-linux-x86_64 | 1.0.8 | 63.40 | 88.01 | 151.41 | OK | |
r-release-macos-arm64 | 1.0.8 | 91.00 | NOTE | |||
r-release-macos-x86_64 | 1.0.8 | 141.00 | NOTE | |||
r-release-windows-x86_64 | 1.0.8 | 82.00 | 894.00 | 976.00 | OK | |
r-oldrel-macos-arm64 | 1.0.7 | 81.00 | NOTE | |||
r-oldrel-macos-x86_64 | 1.0.8 | 146.00 | NOTE | |||
r-oldrel-windows-x86_64 | 1.0.8 | 95.00 | 1148.00 | 1243.00 | OK |
Version: 1.0.8
Check: dependencies in R code
Result: NOTE
Namespace in Imports field not imported from: ‘statgenGWAS’
All declared Imports should be used.
Flavors: r-devel-linux-x86_64-fedora-clang, r-devel-linux-x86_64-fedora-gcc
Version: 1.0.8
Check: tests
Result: ERROR
Running ‘tinytest.R’ [22s/23s]
Running the tests in ‘tests/tinytest.R’ failed.
Complete output:
>
> if ( requireNamespace("tinytest", quietly=TRUE) ){
+ tinytest::test_package("statgenIBD")
+ }
test_IBDprob.R................ 0 tests
test_IBDprob.R................ 0 tests
test_IBDprob.R................ 0 tests
test_IBDprob.R................ 0 tests
test_IBDprob.R................ 1 tests <1b>[0;32mOK<1b>[0m
test_IBDprob.R................ 2 tests <1b>[0;32mOK<1b>[0m
test_IBDprob.R................ 3 tests <1b>[0;32mOK<1b>[0m
test_IBDprob.R................ 4 tests <1b>[0;32mOK<1b>[0m
test_IBDprob.R................ 5 tests <1b>[0;32mOK<1b>[0m
test_IBDprob.R................ 6 tests <1b>[0;32mOK<1b>[0m
test_IBDprob.R................ 7 tests <1b>[0;32mOK<1b>[0m
test_IBDprob.R................ 8 tests <1b>[0;32mOK<1b>[0m
test_IBDprob.R................ 9 tests <1b>[0;32mOK<1b>[0m
test_IBDprob.R................ 9 tests <1b>[0;32mOK<1b>[0m
test_IBDprob.R................ 10 tests <1b>[0;32mOK<1b>[0m
test_IBDprob.R................ 11 tests <1b>[0;32mOK<1b>[0m
test_IBDprob.R................ 12 tests <1b>[0;32mOK<1b>[0m
test_IBDprob.R................ 13 tests <1b>[0;32mOK<1b>[0m
test_IBDprob.R................ 14 tests <1b>[0;32mOK<1b>[0m
test_IBDprob.R................ 15 tests <1b>[0;32mOK<1b>[0m
test_IBDprob.R................ 16 tests <1b>[0;32mOK<1b>[0m
test_IBDprob.R................ 17 tests <1b>[0;32mOK<1b>[0m
test_IBDprob.R................ 18 tests <1b>[0;32mOK<1b>[0m
test_IBDprob.R................ 19 tests <1b>[0;32mOK<1b>[0m
test_IBDprob.R................ 20 tests <1b>[0;32mOK<1b>[0m
test_IBDprob.R................ 21 tests <1b>[0;32mOK<1b>[0m
test_IBDprob.R................ 22 tests <1b>[0;32mOK<1b>[0m
test_IBDprob.R................ 23 tests <1b>[0;32mOK<1b>[0m
test_IBDprob.R................ 24 tests <1b>[0;32mOK<1b>[0m <1b>[0;34m12.0s<1b>[0m
test_c.R...................... 0 tests
test_c.R...................... 0 tests
test_c.R...................... 0 tests
test_c.R...................... 0 tests
test_c.R...................... 0 tests
test_c.R...................... 0 tests
test_c.R...................... 0 tests
test_c.R...................... 1 tests <1b>[0;32mOK<1b>[0m
test_c.R...................... 2 tests <1b>[0;32mOK<1b>[0m
test_c.R...................... 3 tests <1b>[0;32mOK<1b>[0m
test_c.R...................... 4 tests <1b>[0;32mOK<1b>[0m
test_c.R...................... 4 tests <1b>[0;32mOK<1b>[0m
test_c.R...................... 5 tests <1b>[0;32mOK<1b>[0m
test_c.R...................... 6 tests <1b>[0;32mOK<1b>[0m
test_c.R...................... 7 tests <1b>[0;32mOK<1b>[0m
test_c.R...................... 8 tests <1b>[0;32mOK<1b>[0m
test_c.R...................... 9 tests <1b>[0;32mOK<1b>[0m
test_c.R...................... 9 tests <1b>[0;32mOK<1b>[0m
test_c.R...................... 10 tests <1b>[0;32mOK<1b>[0m
test_c.R...................... 11 tests <1b>[0;32mOK<1b>[0m
test_c.R...................... 12 tests <1b>[0;32mOK<1b>[0m <1b>[0;34m1.8s<1b>[0m
test_calcIBD.R................ 0 tests
test_calcIBD.R................ 0 tests
test_calcIBD.R................ 1 tests <1b>[0;32mOK<1b>[0m
test_calcIBD.R................ 2 tests <1b>[0;32mOK<1b>[0m
test_calcIBD.R................ 3 tests <1b>[0;32mOK<1b>[0m
test_calcIBD.R................ 4 tests <1b>[0;32mOK<1b>[0m
test_calcIBD.R................ 5 tests <1b>[0;32mOK<1b>[0m
test_calcIBD.R................ 6 tests <1b>[0;32mOK<1b>[0m
test_calcIBD.R................ 7 tests <1b>[0;32mOK<1b>[0m
test_calcIBD.R................ 8 tests <1b>[0;32mOK<1b>[0m
test_calcIBD.R................ 9 tests <1b>[0;32mOK<1b>[0m
test_calcIBD.R................ 10 tests <1b>[0;32mOK<1b>[0m
test_calcIBD.R................ 11 tests <1b>[0;32mOK<1b>[0m
test_calcIBD.R................ 12 tests <1b>[0;32mOK<1b>[0m
test_calcIBD.R................ 13 tests <1b>[0;32mOK<1b>[0m
test_calcIBD.R................ 14 tests <1b>[0;32mOK<1b>[0m
test_calcIBD.R................ 15 tests <1b>[0;32mOK<1b>[0m
test_calcIBD.R................ 16 tests <1b>[0;32mOK<1b>[0m
test_calcIBD.R................ 16 tests <1b>[0;32mOK<1b>[0m
test_calcIBD.R................ 16 tests <1b>[0;32mOK<1b>[0m
test_calcIBD.R................ 17 tests <1b>[0;32mOK<1b>[0m
test_calcIBD.R................ 18 tests <1b>[0;32mOK<1b>[0m
test_calcIBD.R................ 19 tests <1b>[0;32mOK<1b>[0m
test_calcIBD.R................ 19 tests <1b>[0;32mOK<1b>[0m
test_calcIBD.R................ 20 tests <1b>[0;32mOK<1b>[0m
test_calcIBD.R................ 21 tests <1b>[0;32mOK<1b>[0m
test_calcIBD.R................ 22 tests <1b>[0;32mOK<1b>[0m
test_calcIBD.R................ 23 tests <1b>[0;32mOK<1b>[0m
test_calcIBD.R................ 23 tests <1b>[0;32mOK<1b>[0m
test_calcIBD.R................ 24 tests <1b>[0;32mOK<1b>[0m
test_calcIBD.R................ 25 tests <1b>[0;32mOK<1b>[0m
test_calcIBD.R................ 25 tests <1b>[0;32mOK<1b>[0m
test_calcIBD.R................ 25 tests <1b>[0;32mOK<1b>[0m
test_calcIBD.R................ 25 tests <1b>[0;32mOK<1b>[0m
test_calcIBD.R................ 40 tests <1b>[0;32mOK<1b>[0m <1b>[0;34m1.2s<1b>[0m
test_getProbs.R............... 0 tests
test_getProbs.R............... 0 tests
test_getProbs.R............... 0 tests
test_getProbs.R............... 0 tests
test_getProbs.R............... 0 tests
test_getProbs.R............... 0 tests
test_getProbs.R............... 1 tests <1b>[0;32mOK<1b>[0m
test_getProbs.R............... 2 tests <1b>[0;32mOK<1b>[0m
test_getProbs.R............... 3 tests <1b>[0;32mOK<1b>[0m
test_getProbs.R............... 3 tests <1b>[0;32mOK<1b>[0m
test_getProbs.R............... 4 tests <1b>[0;32mOK<1b>[0m
test_getProbs.R............... 5 tests <1b>[0;32mOK<1b>[0m
test_getProbs.R............... 5 tests <1b>[0;32mOK<1b>[0m
test_getProbs.R............... 6 tests <1b>[0;32mOK<1b>[0m
test_getProbs.R............... 6 tests <1b>[0;32mOK<1b>[0m
test_getProbs.R............... 7 tests <1b>[0;32mOK<1b>[0m
test_getProbs.R............... 7 tests <1b>[0;32mOK<1b>[0m
test_getProbs.R............... 7 tests <1b>[0;32mOK<1b>[0m
test_getProbs.R............... 7 tests <1b>[0;32mOK<1b>[0m
test_getProbs.R............... 7 tests <1b>[0;32mOK<1b>[0m
test_getProbs.R............... 7 tests <1b>[0;32mOK<1b>[0m
test_getProbs.R............... 8 tests <1b>[0;32mOK<1b>[0m
test_getProbs.R............... 9 tests <1b>[0;32mOK<1b>[0m <1b>[0;34m1.1s<1b>[0m
test_readIBDs.R............... 0 tests
test_readIBDs.R............... 0 tests
test_readIBDs.R............... 0 tests
test_readIBDs.R............... 0 tests
test_readIBDs.R............... 0 tests
test_readIBDs.R............... 0 tests
test_readIBDs.R............... 0 tests
test_readIBDs.R............... 0 tests
test_readIBDs.R............... 0 tests
test_readIBDs.R............... 1 tests <1b>[0;32mOK<1b>[0m
test_readIBDs.R............... 2 tests <1b>[0;32mOK<1b>[0m
test_readIBDs.R............... 3 tests <1b>[0;32mOK<1b>[0m
test_readIBDs.R............... 4 tests <1b>[0;32mOK<1b>[0m
test_readIBDs.R............... 5 tests <1b>[0;32mOK<1b>[0m
test_readIBDs.R............... 6 tests <1b>[0;32mOK<1b>[0m
test_readIBDs.R............... 7 tests <1b>[0;32mOK<1b>[0m
test_readIBDs.R............... 8 tests <1b>[0;32mOK<1b>[0m
test_readIBDs.R............... 9 tests <1b>[0;32mOK<1b>[0m
test_readIBDs.R............... 10 tests <1b>[0;32mOK<1b>[0m
test_readIBDs.R............... 11 tests <1b>[0;32mOK<1b>[0m
test_readIBDs.R............... 12 tests <1b>[0;32mOK<1b>[0m <1b>[0;34m1.2s<1b>[0m
test_readRABBIT.R............. 0 tests
test_readRABBIT.R............. 0 tests
test_readRABBIT.R............. 1 tests <1b>[0;32mOK<1b>[0m
test_readRABBIT.R............. 2 tests <1b>[0;32mOK<1b>[0m
test_readRABBIT.R............. 3 tests <1b>[0;32mOK<1b>[0m
test_readRABBIT.R............. 4 tests <1b>[0;32mOK<1b>[0m
test_readRABBIT.R............. 5 tests <1b>[0;32mOK<1b>[0m
test_readRABBIT.R............. 6 tests <1b>[0;32mOK<1b>[0m
test_readRABBIT.R............. 7 tests <1b>[0;32mOK<1b>[0m
test_readRABBIT.R............. 8 tests <1b>[0;32mOK<1b>[0m
test_readRABBIT.R............. 9 tests <1b>[0;32mOK<1b>[0m
test_readRABBIT.R............. 10 tests <1b>[0;32mOK<1b>[0m
test_readRABBIT.R............. 11 tests <1b>[0;32mOK<1b>[0m
test_readRABBIT.R............. 12 tests <1b>[0;32mOK<1b>[0m
test_readRABBIT.R............. 13 tests <1b>[0;32mOK<1b>[0m
test_readRABBIT.R............. 14 tests <1b>[0;32mOK<1b>[0m
test_readRABBIT.R............. 15 tests <1b>[0;32mOK<1b>[0m
test_readRABBIT.R............. 16 tests <1b>[0;32mOK<1b>[0m
test_readRABBIT.R............. 17 tests <1b>[0;32mOK<1b>[0m
test_readRABBIT.R............. 17 tests <1b>[0;32mOK<1b>[0m
test_readRABBIT.R............. 17 tests <1b>[0;32mOK<1b>[0m
test_readRABBIT.R............. 18 tests <1b>[0;31m1 fails<1b>[0m
test_readRABBIT.R............. 19 tests <1b>[0;31m2 fails<1b>[0m Error in eval(expr, envir = e) : object 'exMPP' not found
Calls: <Anonymous> ... lapply -> FUN -> eval -> eval -> expect_inherits -> fun
Execution halted
Flavor: r-devel-linux-x86_64-fedora-clang
Version: 1.0.8
Check: tests
Result: ERROR
Running ‘tinytest.R’ [21s/37s]
Running the tests in ‘tests/tinytest.R’ failed.
Complete output:
>
> if ( requireNamespace("tinytest", quietly=TRUE) ){
+ tinytest::test_package("statgenIBD")
+ }
test_IBDprob.R................ 0 tests
test_IBDprob.R................ 0 tests
test_IBDprob.R................ 0 tests
test_IBDprob.R................ 0 tests
test_IBDprob.R................ 1 tests <1b>[0;32mOK<1b>[0m
test_IBDprob.R................ 2 tests <1b>[0;32mOK<1b>[0m
test_IBDprob.R................ 3 tests <1b>[0;32mOK<1b>[0m
test_IBDprob.R................ 4 tests <1b>[0;32mOK<1b>[0m
test_IBDprob.R................ 5 tests <1b>[0;32mOK<1b>[0m
test_IBDprob.R................ 6 tests <1b>[0;32mOK<1b>[0m
test_IBDprob.R................ 7 tests <1b>[0;32mOK<1b>[0m
test_IBDprob.R................ 8 tests <1b>[0;32mOK<1b>[0m
test_IBDprob.R................ 9 tests <1b>[0;32mOK<1b>[0m
test_IBDprob.R................ 9 tests <1b>[0;32mOK<1b>[0m
test_IBDprob.R................ 10 tests <1b>[0;32mOK<1b>[0m
test_IBDprob.R................ 11 tests <1b>[0;32mOK<1b>[0m
test_IBDprob.R................ 12 tests <1b>[0;32mOK<1b>[0m
test_IBDprob.R................ 13 tests <1b>[0;32mOK<1b>[0m
test_IBDprob.R................ 14 tests <1b>[0;32mOK<1b>[0m
test_IBDprob.R................ 15 tests <1b>[0;32mOK<1b>[0m
test_IBDprob.R................ 16 tests <1b>[0;32mOK<1b>[0m
test_IBDprob.R................ 17 tests <1b>[0;32mOK<1b>[0m
test_IBDprob.R................ 18 tests <1b>[0;32mOK<1b>[0m
test_IBDprob.R................ 19 tests <1b>[0;32mOK<1b>[0m
test_IBDprob.R................ 20 tests <1b>[0;32mOK<1b>[0m
test_IBDprob.R................ 21 tests <1b>[0;32mOK<1b>[0m
test_IBDprob.R................ 22 tests <1b>[0;32mOK<1b>[0m
test_IBDprob.R................ 23 tests <1b>[0;32mOK<1b>[0m
test_IBDprob.R................ 24 tests <1b>[0;32mOK<1b>[0m <1b>[0;34m17.7s<1b>[0m
test_c.R...................... 0 tests
test_c.R...................... 0 tests
test_c.R...................... 0 tests
test_c.R...................... 0 tests
test_c.R...................... 0 tests
test_c.R...................... 0 tests
test_c.R...................... 0 tests
test_c.R...................... 1 tests <1b>[0;32mOK<1b>[0m
test_c.R...................... 2 tests <1b>[0;32mOK<1b>[0m
test_c.R...................... 3 tests <1b>[0;32mOK<1b>[0m
test_c.R...................... 4 tests <1b>[0;32mOK<1b>[0m
test_c.R...................... 4 tests <1b>[0;32mOK<1b>[0m
test_c.R...................... 5 tests <1b>[0;32mOK<1b>[0m
test_c.R...................... 6 tests <1b>[0;32mOK<1b>[0m
test_c.R...................... 7 tests <1b>[0;32mOK<1b>[0m
test_c.R...................... 8 tests <1b>[0;32mOK<1b>[0m
test_c.R...................... 9 tests <1b>[0;32mOK<1b>[0m
test_c.R...................... 9 tests <1b>[0;32mOK<1b>[0m
test_c.R...................... 10 tests <1b>[0;32mOK<1b>[0m
test_c.R...................... 11 tests <1b>[0;32mOK<1b>[0m
test_c.R...................... 12 tests <1b>[0;32mOK<1b>[0m <1b>[0;34m4.8s<1b>[0m
test_calcIBD.R................ 0 tests
test_calcIBD.R................ 0 tests
test_calcIBD.R................ 1 tests <1b>[0;32mOK<1b>[0m
test_calcIBD.R................ 2 tests <1b>[0;32mOK<1b>[0m
test_calcIBD.R................ 3 tests <1b>[0;32mOK<1b>[0m
test_calcIBD.R................ 4 tests <1b>[0;32mOK<1b>[0m
test_calcIBD.R................ 5 tests <1b>[0;32mOK<1b>[0m
test_calcIBD.R................ 6 tests <1b>[0;32mOK<1b>[0m
test_calcIBD.R................ 7 tests <1b>[0;32mOK<1b>[0m
test_calcIBD.R................ 8 tests <1b>[0;32mOK<1b>[0m
test_calcIBD.R................ 9 tests <1b>[0;32mOK<1b>[0m
test_calcIBD.R................ 10 tests <1b>[0;32mOK<1b>[0m
test_calcIBD.R................ 11 tests <1b>[0;32mOK<1b>[0m
test_calcIBD.R................ 12 tests <1b>[0;32mOK<1b>[0m
test_calcIBD.R................ 13 tests <1b>[0;32mOK<1b>[0m
test_calcIBD.R................ 14 tests <1b>[0;32mOK<1b>[0m
test_calcIBD.R................ 15 tests <1b>[0;32mOK<1b>[0m
test_calcIBD.R................ 16 tests <1b>[0;32mOK<1b>[0m
test_calcIBD.R................ 16 tests <1b>[0;32mOK<1b>[0m
test_calcIBD.R................ 16 tests <1b>[0;32mOK<1b>[0m
test_calcIBD.R................ 17 tests <1b>[0;32mOK<1b>[0m
test_calcIBD.R................ 18 tests <1b>[0;32mOK<1b>[0m
test_calcIBD.R................ 19 tests <1b>[0;32mOK<1b>[0m
test_calcIBD.R................ 19 tests <1b>[0;32mOK<1b>[0m
test_calcIBD.R................ 20 tests <1b>[0;32mOK<1b>[0m
test_calcIBD.R................ 21 tests <1b>[0;32mOK<1b>[0m
test_calcIBD.R................ 22 tests <1b>[0;32mOK<1b>[0m
test_calcIBD.R................ 23 tests <1b>[0;32mOK<1b>[0m
test_calcIBD.R................ 23 tests <1b>[0;32mOK<1b>[0m
test_calcIBD.R................ 24 tests <1b>[0;32mOK<1b>[0m
test_calcIBD.R................ 25 tests <1b>[0;32mOK<1b>[0m
test_calcIBD.R................ 25 tests <1b>[0;32mOK<1b>[0m
test_calcIBD.R................ 25 tests <1b>[0;32mOK<1b>[0m
test_calcIBD.R................ 25 tests <1b>[0;32mOK<1b>[0m
test_calcIBD.R................ 40 tests <1b>[0;32mOK<1b>[0m <1b>[0;34m2.4s<1b>[0m
test_getProbs.R............... 0 tests
test_getProbs.R............... 0 tests
test_getProbs.R............... 0 tests
test_getProbs.R............... 0 tests
test_getProbs.R............... 0 tests
test_getProbs.R............... 0 tests
test_getProbs.R............... 1 tests <1b>[0;32mOK<1b>[0m
test_getProbs.R............... 2 tests <1b>[0;32mOK<1b>[0m
test_getProbs.R............... 3 tests <1b>[0;32mOK<1b>[0m
test_getProbs.R............... 3 tests <1b>[0;32mOK<1b>[0m
test_getProbs.R............... 4 tests <1b>[0;32mOK<1b>[0m
test_getProbs.R............... 5 tests <1b>[0;32mOK<1b>[0m
test_getProbs.R............... 5 tests <1b>[0;32mOK<1b>[0m
test_getProbs.R............... 6 tests <1b>[0;32mOK<1b>[0m
test_getProbs.R............... 6 tests <1b>[0;32mOK<1b>[0m
test_getProbs.R............... 7 tests <1b>[0;32mOK<1b>[0m
test_getProbs.R............... 7 tests <1b>[0;32mOK<1b>[0m
test_getProbs.R............... 7 tests <1b>[0;32mOK<1b>[0m
test_getProbs.R............... 7 tests <1b>[0;32mOK<1b>[0m
test_getProbs.R............... 7 tests <1b>[0;32mOK<1b>[0m
test_getProbs.R............... 7 tests <1b>[0;32mOK<1b>[0m
test_getProbs.R............... 8 tests <1b>[0;32mOK<1b>[0m
test_getProbs.R............... 9 tests <1b>[0;32mOK<1b>[0m <1b>[0;34m2.0s<1b>[0m
test_readIBDs.R............... 0 tests
test_readIBDs.R............... 0 tests
test_readIBDs.R............... 0 tests
test_readIBDs.R............... 0 tests
test_readIBDs.R............... 0 tests
test_readIBDs.R............... 0 tests
test_readIBDs.R............... 0 tests
test_readIBDs.R............... 0 tests
test_readIBDs.R............... 0 tests
test_readIBDs.R............... 1 tests <1b>[0;32mOK<1b>[0m
test_readIBDs.R............... 2 tests <1b>[0;32mOK<1b>[0m
test_readIBDs.R............... 3 tests <1b>[0;32mOK<1b>[0m
test_readIBDs.R............... 4 tests <1b>[0;32mOK<1b>[0m
test_readIBDs.R............... 5 tests <1b>[0;32mOK<1b>[0m
test_readIBDs.R............... 6 tests <1b>[0;32mOK<1b>[0m
test_readIBDs.R............... 7 tests <1b>[0;32mOK<1b>[0m
test_readIBDs.R............... 8 tests <1b>[0;32mOK<1b>[0m
test_readIBDs.R............... 9 tests <1b>[0;32mOK<1b>[0m
test_readIBDs.R............... 10 tests <1b>[0;32mOK<1b>[0m
test_readIBDs.R............... 11 tests <1b>[0;32mOK<1b>[0m
test_readIBDs.R............... 12 tests <1b>[0;32mOK<1b>[0m <1b>[0;34m1.2s<1b>[0m
test_readRABBIT.R............. 0 tests
test_readRABBIT.R............. 0 tests
test_readRABBIT.R............. 1 tests <1b>[0;32mOK<1b>[0m
test_readRABBIT.R............. 2 tests <1b>[0;32mOK<1b>[0m
test_readRABBIT.R............. 3 tests <1b>[0;32mOK<1b>[0m
test_readRABBIT.R............. 4 tests <1b>[0;32mOK<1b>[0m
test_readRABBIT.R............. 5 tests <1b>[0;32mOK<1b>[0m
test_readRABBIT.R............. 6 tests <1b>[0;32mOK<1b>[0m
test_readRABBIT.R............. 7 tests <1b>[0;32mOK<1b>[0m
test_readRABBIT.R............. 8 tests <1b>[0;32mOK<1b>[0m
test_readRABBIT.R............. 9 tests <1b>[0;32mOK<1b>[0m
test_readRABBIT.R............. 10 tests <1b>[0;32mOK<1b>[0m
test_readRABBIT.R............. 11 tests <1b>[0;32mOK<1b>[0m
test_readRABBIT.R............. 12 tests <1b>[0;32mOK<1b>[0m
test_readRABBIT.R............. 13 tests <1b>[0;32mOK<1b>[0m
test_readRABBIT.R............. 14 tests <1b>[0;32mOK<1b>[0m
test_readRABBIT.R............. 15 tests <1b>[0;32mOK<1b>[0m
test_readRABBIT.R............. 16 tests <1b>[0;32mOK<1b>[0m
test_readRABBIT.R............. 17 tests <1b>[0;32mOK<1b>[0m
test_readRABBIT.R............. 17 tests <1b>[0;32mOK<1b>[0m
test_readRABBIT.R............. 17 tests <1b>[0;32mOK<1b>[0m
test_readRABBIT.R............. 18 tests <1b>[0;31m1 fails<1b>[0m
test_readRABBIT.R............. 19 tests <1b>[0;31m2 fails<1b>[0m Error in eval(expr, envir = e) : object 'exMPP' not found
Calls: <Anonymous> ... lapply -> FUN -> eval -> eval -> expect_inherits -> fun
Execution halted
Flavor: r-devel-linux-x86_64-fedora-gcc
Version: 1.0.8
Check: installed package size
Result: NOTE
installed size is 7.5Mb
sub-directories of 1Mb or more:
extdata 2.4Mb
libs 4.2Mb
Flavors: r-release-macos-arm64, r-release-macos-x86_64, r-oldrel-macos-x86_64
Version: 1.0.7
Check: installed package size
Result: NOTE
installed size is 7.3Mb
sub-directories of 1Mb or more:
extdata 2.4Mb
libs 4.2Mb
Flavor: r-oldrel-macos-arm64