Last updated on 2025-02-24 19:50:48 CET.
Flavor | Version | Tinstall | Tcheck | Ttotal | Status | Flags |
---|---|---|---|---|---|---|
r-devel-linux-x86_64-debian-clang | 3.2.5 | 93.30 | 132.66 | 225.96 | OK | |
r-devel-linux-x86_64-debian-gcc | 3.2.5 | 68.60 | 105.35 | 173.95 | OK | |
r-devel-linux-x86_64-fedora-clang | 3.2.5 | 433.55 | OK | |||
r-devel-linux-x86_64-fedora-gcc | 3.2.5 | 404.03 | OK | |||
r-devel-macos-arm64 | 3.2.5 | 111.00 | OK | |||
r-devel-macos-x86_64 | 3.2.5 | 196.00 | OK | |||
r-devel-windows-x86_64 | 3.2.5 | 95.00 | 224.00 | 319.00 | OK | |
r-patched-linux-x86_64 | 3.2.5 | 89.84 | 128.55 | 218.39 | OK | |
r-release-linux-x86_64 | 3.2.5 | 94.04 | 128.91 | 222.95 | OK | |
r-release-macos-arm64 | 3.2.5 | 108.00 | NOTE | |||
r-release-macos-x86_64 | 3.2.5 | 232.00 | NOTE | |||
r-release-windows-x86_64 | 3.2.5 | 100.00 | 224.00 | 324.00 | OK | |
r-oldrel-macos-arm64 | 3.2.5 | 116.00 | NOTE | |||
r-oldrel-macos-x86_64 | 3.2.5 | 200.00 | NOTE | |||
r-oldrel-windows-x86_64 | 3.2.5 | 116.00 | 252.00 | 368.00 | OK |
Version: 3.2.5
Check: installed package size
Result: NOTE
installed size is 9.8Mb
sub-directories of 1Mb or more:
doc 1.9Mb
libs 6.9Mb
Flavors: r-release-macos-arm64, r-release-macos-x86_64, r-oldrel-macos-arm64, r-oldrel-macos-x86_64