CRAN Package Check Results for Package subdetect

Last updated on 2024-12-18 19:49:25 CET.

Flavor Version Tinstall Tcheck Ttotal Status Flags
r-devel-linux-x86_64-debian-clang 1.2 1.96 20.52 22.48 NOTE
r-devel-linux-x86_64-debian-gcc 1.2 1.63 16.26 17.89 NOTE
r-devel-linux-x86_64-fedora-clang 1.2 35.98 NOTE
r-devel-linux-x86_64-fedora-gcc 1.2 33.78 NOTE
r-devel-windows-x86_64 1.2 4.00 42.00 46.00 NOTE
r-patched-linux-x86_64 1.2 1.74 19.62 21.36 NOTE
r-release-linux-x86_64 1.2 1.81 19.83 21.64 NOTE
r-release-macos-arm64 1.2 15.00 NOTE
r-release-macos-x86_64 1.2 22.00 NOTE
r-release-windows-x86_64 1.2 2.00 41.00 43.00 NOTE
r-oldrel-macos-arm64 1.2 18.00 OK
r-oldrel-macos-x86_64 1.2 23.00 OK
r-oldrel-windows-x86_64 1.2 5.00 44.00 49.00 OK

Check Details

Version: 1.2
Check: Rd files
Result: NOTE checkRd: (-1) subdetect-package.Rd:11: Lost braces in \itemize; meant \describe ? checkRd: (-1) subdetect-package.Rd:12: Lost braces in \itemize; meant \describe ? Flavors: r-devel-linux-x86_64-debian-clang, r-devel-linux-x86_64-debian-gcc, r-devel-linux-x86_64-fedora-clang, r-devel-linux-x86_64-fedora-gcc, r-devel-windows-x86_64, r-patched-linux-x86_64, r-release-linux-x86_64, r-release-macos-arm64, r-release-macos-x86_64, r-release-windows-x86_64