Last updated on 2025-02-07 08:51:36 CET.
Flavor | Version | Tinstall | Tcheck | Ttotal | Status | Flags |
---|---|---|---|---|---|---|
r-devel-linux-x86_64-debian-clang | 0.2.2 | 6.10 | 59.68 | 65.78 | OK | |
r-devel-linux-x86_64-debian-gcc | 0.2.2 | 4.18 | 43.98 | 48.16 | OK | |
r-devel-linux-x86_64-fedora-clang | 0.2.2 | 106.81 | OK | |||
r-devel-linux-x86_64-fedora-gcc | 0.2.2 | 107.70 | OK | |||
r-devel-windows-x86_64 | 0.2.2 | 7.00 | 72.00 | 79.00 | OK | |
r-patched-linux-x86_64 | 0.2.2 | 5.93 | 49.19 | 55.12 | ERROR | |
r-release-linux-x86_64 | 0.2.2 | 5.70 | 55.39 | 61.09 | OK | |
r-release-macos-arm64 | 0.2.2 | 46.00 | OK | |||
r-release-macos-x86_64 | 0.2.2 | 76.00 | OK | |||
r-release-windows-x86_64 | 0.2.2 | 7.00 | 73.00 | 80.00 | OK | |
r-oldrel-macos-arm64 | 0.2.2 | 45.00 | OK | |||
r-oldrel-macos-x86_64 | 0.2.2 | 88.00 | OK | |||
r-oldrel-windows-x86_64 | 0.2.2 | 8.00 | 84.00 | 92.00 | OK |
Version: 0.2.2
Check: re-building of vignette outputs
Result: ERROR
Error(s) in re-building vignettes:
...
--- re-building ‘regional-convergence.Rmd’ using rmarkdown
Quitting from lines 40-63 [unnamed-chunk-2] (regional-convergence.Rmd)
Error: processing vignette 'regional-convergence.Rmd' failed with diagnostics:
Failed to download the dataset. Error: cannot open URL 'https://zenodo.org/records/13773040/files/DOSE_V2.9.csv?download=1'
--- failed re-building ‘regional-convergence.Rmd’
SUMMARY: processing the following file failed:
‘regional-convergence.Rmd’
Error: Vignette re-building failed.
Execution halted
Flavor: r-patched-linux-x86_64