Last updated on 2025-05-17 08:49:52 CEST.
Flavor | Version | Tinstall | Tcheck | Ttotal | Status | Flags |
---|---|---|---|---|---|---|
r-devel-linux-x86_64-debian-clang | 1.3.1 | 6.65 | 94.41 | 101.06 | OK | |
r-devel-linux-x86_64-debian-gcc | 1.3.2 | 4.56 | 72.22 | 76.78 | OK | |
r-devel-linux-x86_64-fedora-clang | 1.3.2 | 153.57 | OK | |||
r-devel-linux-x86_64-fedora-gcc | 1.3.2 | 164.60 | OK | |||
r-devel-windows-x86_64 | 1.3.1 | 8.00 | 84.00 | 92.00 | OK | |
r-patched-linux-x86_64 | 1.3.1 | 6.72 | 91.00 | 97.72 | OK | |
r-release-linux-x86_64 | 1.3.1 | 6.64 | 90.94 | 97.58 | OK | |
r-release-macos-arm64 | 1.3.2 | 48.00 | OK | |||
r-release-macos-x86_64 | 1.3.2 | 116.00 | ERROR | |||
r-release-windows-x86_64 | 1.3.2 | 8.00 | 87.00 | 95.00 | OK | |
r-oldrel-macos-arm64 | 1.3.2 | 48.00 | OK | |||
r-oldrel-macos-x86_64 | 1.3.2 | 146.00 | OK | |||
r-oldrel-windows-x86_64 | 1.3.1 | 10.00 | 101.00 | 111.00 | OK |
Version: 1.3.2
Check: re-building of vignette outputs
Result: ERROR
Error(s) in re-building vignettes:
Error in saveRDS(list(base = base, value = ret0), dest) :
error writing to connection
Calls: <Anonymous> -> rownames -> %||% -> <Anonymous> -> saveRDS
Execution halted
Flavor: r-release-macos-x86_64
Version: 1.3.2
Check: PDF version of manual
Result: ERROR
Rd conversion errors:
Warning in file(outfile, "wt") :
cannot open file '/var/folders/2b/t0kwbtmn3p7brv2mvx39c9cr0000gn/T//RtmpyfQd6Q/Rd2pdf1239b73d1db08/Rd2.tex': No such file or directory
Error in file(outfile, "wt") : cannot open the connection
Flavor: r-release-macos-x86_64