Last updated on 2024-12-18 19:49:25 CET.
Flavor | Version | Tinstall | Tcheck | Ttotal | Status | Flags |
---|---|---|---|---|---|---|
r-devel-linux-x86_64-debian-clang | 0.3.8 | 3.38 | 31.54 | 34.92 | NOTE | |
r-devel-linux-x86_64-debian-gcc | 0.3.8 | 2.15 | 23.44 | 25.59 | NOTE | |
r-devel-linux-x86_64-fedora-clang | 0.3.8 | 56.04 | NOTE | |||
r-devel-linux-x86_64-fedora-gcc | 0.3.8 | 53.16 | NOTE | |||
r-devel-windows-x86_64 | 0.3.8 | 4.00 | 57.00 | 61.00 | NOTE | |
r-patched-linux-x86_64 | 0.3.8 | 3.38 | 29.94 | 33.32 | NOTE | |
r-release-linux-x86_64 | 0.3.8 | 3.16 | 30.13 | 33.29 | NOTE | |
r-release-macos-arm64 | 0.3.8 | 18.00 | NOTE | |||
r-release-macos-x86_64 | 0.3.8 | 28.00 | NOTE | |||
r-release-windows-x86_64 | 0.3.8 | 4.00 | 56.00 | 60.00 | NOTE | |
r-oldrel-macos-arm64 | 0.3.8 | 20.00 | OK | |||
r-oldrel-macos-x86_64 | 0.3.8 | 28.00 | OK | |||
r-oldrel-windows-x86_64 | 0.3.8 | 7.00 | 62.00 | 69.00 | OK |
Version: 0.3.8
Check: Rd files
Result: NOTE
checkRd: (-1) coord2dist.Rd:14: Lost braces; missing escapes or markup?
14 | \code{n} x 4 matrix of coordinates consisting of {lat or y, lon or x} pairs for each each site
| ^
Flavors: r-devel-linux-x86_64-debian-clang, r-devel-linux-x86_64-debian-gcc, r-devel-linux-x86_64-fedora-clang, r-devel-linux-x86_64-fedora-gcc, r-devel-windows-x86_64, r-patched-linux-x86_64, r-release-linux-x86_64, r-release-macos-arm64, r-release-macos-x86_64, r-release-windows-x86_64