Last updated on 2025-05-17 19:52:09 CEST.
Flavor | Version | Tinstall | Tcheck | Ttotal | Status | Flags |
---|---|---|---|---|---|---|
r-devel-linux-x86_64-debian-clang | 0.1.5 | 2.19 | 26.46 | 28.65 | NOTE | |
r-devel-linux-x86_64-debian-gcc | 0.1.5 | 1.79 | 21.24 | 23.03 | NOTE | |
r-devel-linux-x86_64-fedora-clang | 0.1.5 | 43.60 | OK | |||
r-devel-linux-x86_64-fedora-gcc | 0.1.5 | 43.03 | OK | |||
r-devel-windows-x86_64 | 0.1.5 | 4.00 | 48.00 | 52.00 | OK | |
r-patched-linux-x86_64 | 0.1.5 | 2.52 | 24.48 | 27.00 | OK | |
r-release-linux-x86_64 | 0.1.5 | 2.22 | 24.51 | 26.73 | OK | |
r-release-macos-arm64 | 0.1.5 | 23.00 | OK | |||
r-release-macos-x86_64 | 0.1.5 | 31.00 | OK | |||
r-release-windows-x86_64 | 0.1.5 | 4.00 | 48.00 | 52.00 | OK | |
r-oldrel-macos-arm64 | 0.1.5 | 18.00 | OK | |||
r-oldrel-macos-x86_64 | 0.1.5 | 27.00 | OK | |||
r-oldrel-windows-x86_64 | 0.1.5 | 5.00 | 55.00 | 60.00 | OK |
Version: 0.1.5
Check: CRAN incoming feasibility
Result: NOTE
Maintainer: ‘Carl Boettiger <cboettig@gmail.com>’
The BugReports field in DESCRIPTION has
https://github.com/cboettig/taxalight
which should likely be
https://github.com/cboettig/taxalight/issues
instead.
Flavors: r-devel-linux-x86_64-debian-clang, r-devel-linux-x86_64-debian-gcc