Last updated on 2025-02-24 19:50:49 CET.
Flavor | Version | Tinstall | Tcheck | Ttotal | Status | Flags |
---|---|---|---|---|---|---|
r-devel-linux-x86_64-debian-clang | 1.1.1 | 138.48 | 36.17 | 174.65 | OK | |
r-devel-linux-x86_64-debian-gcc | 1.1.1 | 106.86 | 37.85 | 144.71 | OK | |
r-devel-linux-x86_64-fedora-clang | 1.1.1 | 359.10 | OK | |||
r-devel-linux-x86_64-fedora-gcc | 1.1.1 | 399.89 | OK | |||
r-devel-macos-arm64 | 1.1.1 | 78.00 | OK | |||
r-devel-macos-x86_64 | 1.1.1 | 94.00 | OK | |||
r-devel-windows-x86_64 | 1.1.1 | 136.00 | 88.00 | 224.00 | OK | |
r-patched-linux-x86_64 | 1.1.1 | 144.13 | 46.69 | 190.82 | OK | |
r-release-linux-x86_64 | 1.1.1 | 140.34 | 46.27 | 186.61 | OK | |
r-release-macos-arm64 | 1.1.1 | 106.00 | NOTE | |||
r-release-macos-x86_64 | 1.1.1 | 81.00 | NOTE | |||
r-release-windows-x86_64 | 1.1.1 | 137.00 | 85.00 | 222.00 | OK | |
r-oldrel-macos-arm64 | 1.1.1 | 97.00 | NOTE | |||
r-oldrel-macos-x86_64 | 1.1.1 | 147.00 | NOTE | |||
r-oldrel-windows-x86_64 | 1.1.1 | 167.00 | 101.00 | 268.00 | OK |
Version: 1.1.1
Check: installed package size
Result: NOTE
installed size is 14.9Mb
sub-directories of 1Mb or more:
libs 14.8Mb
Flavors: r-release-macos-arm64, r-release-macos-x86_64, r-oldrel-macos-arm64, r-oldrel-macos-x86_64